{"id":2296,"date":"2019-04-19T09:42:25","date_gmt":"2019-04-19T08:42:25","guid":{"rendered":"http:\/\/www.darkover-con.de\/?page_id=2296"},"modified":"2019-07-28T13:08:13","modified_gmt":"2019-07-28T12:08:13","slug":"monde","status":"publish","type":"page","link":"https:\/\/www.darkover-con.de\/?page_id=2296","title":{"rendered":"Monde"},"content":{"rendered":"\n<p>Im Orbit um Darkover kreisen vier Monde. Alle diese Monde sind sehr klein, aber sie reichen aus um auf dem Meer, den Seen und auch den Fl\u00fcssen einen leichten Gezeitenwechsel auszul\u00f6sen.\n<\/p>\n\n\n\n<h5 class=\"wp-block-heading\">Liriel<\/h5>\n\n\n\n<p>Der gr\u00f6\u00dfte der vier Monde, von violetter Farbe. Er wird von als der sch\u00f6nste unter ihnen betrachtet. Seine Umlaufzeit betr\u00e4gt 40 Tage. Der Name Liriel ist ein auch ein oft verwendeter M\u00e4dchenname auf Darkover, er stammt von einer Legende \u00fcber ein <em>chieri<\/em>, welches in die Aillard-Familie einheiratete.<\/p>\n\n\n\n<h5 class=\"wp-block-heading\">Idriel<\/h5>\n\n\n\n<p>In der Darkover Concordance steht er w\u00e4re mauve-farbend, allerdings ergab die Quellenforschung, da\u00df er dies nicht ist. Nicht nur Lew Alton hat ihn als gr\u00fcn im Kopf, sondern auch in 'Herrin der St\u00fcrme\" wird er als gr\u00fcn bezeichnet.<br> Er ist der vom blassesten Licht unter den Vieren. (HS)<\/p>\n\n\n\n<h5 class=\"wp-block-heading\">Kyrrdis<\/h5>\n\n\n\n<p>blau-gr\u00fcne F\u00e4rbung, dies ist, laut Darkover Concordance vielleicht aufgrund hoher Kupfervorkommen im Gestein so.<\/p>\n\n\n\n<h5 class=\"wp-block-heading\">Mormallor<\/h5>\n\n\n\n<p>Der kleinster der vier Monde ist von perlwei\u00dfer Farbe; seine Umlaufzeit betr\u00e4gt 90 Tage. Seinen Namen hat er vom spanischen <em>marmol<\/em> oder <em>marmoreo<\/em> was 'Marmor' bedeutet. Nach ihm ist auch eine Insel in der Bucht der Tr\u00e4ume benannt.(WZ)<\/p>\n\n\n\n<hr class=\"wp-block-separator\"\/>\n\n\n\n<p>Wenn alle vier Monde voll am Himmel stehen nimmt diese Konstellation einen seltsamen Einflu\u00df auf die Gehirne der Menschen. Sie versp\u00fcren dann heftige sexuelles Verlangen und es kann zu Auschweifungen kommen.<\/p>\n\n\n\n<p>Diese Konstellation ist aber relativ selten. H\u00e4ufig tritt sie aber gerade zu den Festlichkeiten an Mittsommer und Mittwinter auf<\/p>\n","protected":false},"excerpt":{"rendered":"<p>Im Orbit um Darkover kreisen vier Monde. Alle diese Monde sind sehr klein, aber sie reichen aus um auf dem Meer, den Seen und auch den Fl\u00fcssen einen leichten Gezeitenwechsel auszul\u00f6sen. Liriel Der gr\u00f6\u00dfte der vier Monde, von violetter Farbe. Er wird von als der sch\u00f6nste unter ihnen betrachtet. Seine Umlaufzeit betr\u00e4gt 40 Tage. Der <a href=\"https:\/\/www.darkover-con.de\/?page_id=2296\" class=\"more-link\">...weiterlesen<span class=\"screen-reader-text\"> \"Monde\"<\/span><\/a><\/p>\n","protected":false},"author":4,"featured_media":0,"parent":2272,"menu_order":0,"comment_status":"closed","ping_status":"closed","template":"","meta":{"footnotes":""},"class_list":["post-2296","page","type-page","status-publish","h-entry","hentry","h-as-page"],"_links":{"self":[{"href":"https:\/\/www.darkover-con.de\/index.php?rest_route=\/wp\/v2\/pages\/2296","targetHints":{"allow":["GET"]}}],"collection":[{"href":"https:\/\/www.darkover-con.de\/index.php?rest_route=\/wp\/v2\/pages"}],"about":[{"href":"https:\/\/www.darkover-con.de\/index.php?rest_route=\/wp\/v2\/types\/page"}],"author":[{"embeddable":true,"href":"https:\/\/www.darkover-con.de\/index.php?rest_route=\/wp\/v2\/users\/4"}],"replies":[{"embeddable":true,"href":"https:\/\/www.darkover-con.de\/index.php?rest_route=%2Fwp%2Fv2%2Fcomments&post=2296"}],"version-history":[{"count":1,"href":"https:\/\/www.darkover-con.de\/index.php?rest_route=\/wp\/v2\/pages\/2296\/revisions"}],"predecessor-version":[{"id":2297,"href":"https:\/\/www.darkover-con.de\/index.php?rest_route=\/wp\/v2\/pages\/2296\/revisions\/2297"}],"up":[{"embeddable":true,"href":"https:\/\/www.darkover-con.de\/index.php?rest_route=\/wp\/v2\/pages\/2272"}],"wp:attachment":[{"href":"https:\/\/www.darkover-con.de\/index.php?rest_route=%2Fwp%2Fv2%2Fmedia&parent=2296"}],"curies":[{"name":"wp","href":"https:\/\/api.w.org\/{rel}","templated":true}]}}