{"id":2301,"date":"2019-04-19T12:23:50","date_gmt":"2019-04-19T11:23:50","guid":{"rendered":"http:\/\/www.darkover-con.de\/?page_id=2301"},"modified":"2019-07-28T13:04:36","modified_gmt":"2019-07-28T12:04:36","slug":"die-7-grossen-comyn-familien","status":"publish","type":"page","link":"https:\/\/www.darkover-con.de\/?page_id=2301","title":{"rendered":"Die 7 gro\u00dfen Comyn-Familien"},"content":{"rendered":"\n<h3 class=\"wp-block-heading\">Die 7 gro\u00dfen Familien<\/h3>\n\n\n\n<p>Die sieben gro\u00dfen Familien Darkovers f\u00fchren ihre Herkunft auf Hastur und Cassilda zur\u00fcck und sind damit von g\u00f6ttlicher Abstammung. Durch ihr Laran ist dies offensichtlich, denn woher sonst, sollten sie diese Gaben haben?<\/p>\n\n\n\n<p>Im Zeitalter des Chaos ist der Begriff der 7 Dom\u00e4nen noch nicht wirklich gel\u00e4ufig. In \"Herrin der St\u00fcrme\" wird noch von Familien oder Clans gesprochen. <\/p>\n\n\n\n<h5 class=\"wp-block-heading\">Hastur<\/h5>\n\n\n\n<p>Der Legende nach sind die Hasturs die \u00e4lteste der sieben gro\u00dfen Comyn Dynastien. Sie stellten die k\u00f6nigliche Familie. Alleine der Name impliziert Charisma bei seinem Tr\u00e4ger, auch wenn er kein Lord der Familie ist.<\/p>\n\n\n\n<p>Die Gabe der Hasturs ist die \"lebende Matrix\", was bedeutet, dass sie zur Verst\u00e4rkung ihres Larans keine Matrix ben\u00f6tigen.<\/p>\n\n\n\n<p>Die Familienfarben der Hastur sind blau und silbern. Ihr Wappen ist eine silberne Tanne auf blauem Grund. Zum Zeichen der K\u00f6nigsw\u00fcrde schwebt dar\u00fcber eine Krone.<\/p>\n\n\n\n<p>Das Motto der Hasturs ist \"Permandal\" - \"Ich werde bleiben\" oder auch \"Permaned\u00f3\" - \"Hier bleiben wir\".<\/p>\n\n\n\n<p>Die Hasturs haben den Ruf, niemals zu l\u00fcgen oder das sie ihr Wort brechen. Die Formulierung \"Das Wort eines Hasturs\" ist gleichbedeutend mit einem Eid oder Schwur.<\/p>\n\n\n\n<p>Der k\u00f6nigliche Zweig der Hastur von Hastur residiert in Thendara auf Burg Hastur. Der Seitenzweig der Hastur von Carcosa hat seine Besitzungen und Burg in Carcosa. Ein weiterer Seitenzweig ist jener der Hastur von Valeron.<\/p>\n\n\n\n<h5 class=\"wp-block-heading\">Elhalyn \/ Hastur von Elhalyn<\/h5>\n\n\n\n<p>Vermutlich ebenfalls ein fr\u00fcherer Nebenzweig der Hastur, welcher sich zu einer eigenst\u00e4ndigen Familie entwickelt. In \"Herrin der St\u00fcrme\" erscheint die Unterscheidung von Elhalyn und Hastur noch nicht ganz eindeutig.<\/p>\n\n\n\n<p>Der Name bedeutet vermutlich \"Herrschenden in Hali\"<\/p>\n\n\n\n<p>Die Gabe der Elhalyn ist die sogenannte \"F\u00e4chervorschau\". Der Besitzer der Gabe kann alle aus einer Handlung folgenden m\u00f6glichen Arten der Zukunft sehen. Je st\u00e4rker die Gabe, desto st\u00e4rker dr\u00e4ngen sich dem Tr\u00e4ger die Zukunfstm\u00f6glichkeiten auf. Dies macht f\u00fcr den Tr\u00e4ger eine gro\u00dfe mentale St\u00e4rke notwendig sowie permanente Kontrolle der Gabe um nicht dem Wahnsinn zu verfallen.<\/p>\n\n\n\n<p>Die Familienfarben und das Wappen der Elhalyn sind wie jene der Hasturs, nur ohne die Krone der K\u00f6nigsw\u00fcrde.<\/p>\n\n\n\n<p>Burg Elhalyn liegt am westlichen Ufer des Hali See.<\/p>\n\n\n\n<h5 class=\"wp-block-heading\">Aillard<\/h5>\n\n\n\n<p>Im Zeitalter des Chaos ist Aillard eine der bedeutenden Familien. In Herrin der St\u00fcrme ist es jedoch nicht ganz klar zu erkennen, ob sie nicht ebenfalls eine Seitenlinie der Hasturs sind. <\/p>\n\n\n\n<blockquote class=\"wp-block-quote is-layout-flow wp-block-quote-is-layout-flow\"><p>Die ganze Hastur-Verwandtschaft der Tiefland-Reiche, von den Aillards auf den Ebenen von Valeron bis zu den Hasturs von Carcosa, war gekommen, um ihm die letzte Ehre zu erweisen.<\/p><cite>Herrin der St\u00fcrm<\/cite><\/blockquote>\n\n\n\n<p>Die Gabe der Aillard aus den B\u00fcchern ist nicht bekannt. In der Lesergemeinde tendiert die Interpretation der \"Kreisgabe\", welche die Verbindung von Tr\u00e4gern eigentlich miteinander unkompartiblen Gaben (Hastur\/Alton) im Kreis erm\u00f6glicht. Es geht die Theorie, dass diese Gabe an die weibliche Linie der Aillard gebunden ist und die Herrschaft daher bei den Frauen der Familie liegt.  <br>Das Laran der Aillard gilt als stark. <\/p>\n\n\n\n<p>Die Aillard haben meist sechs Finger (was wir nicht ausspielen).  Die Aillards haben Chieri-Blut und immer wieder werden T\u00f6chter geboren,  die Emmasca sind. Sind sie keine Emmasca, sind viele Aillard-Frauen zu  zerbrechlich, um Kinder auszutragen. <\/p>\n\n\n\n<p>Das Wappen der Aillard ist graue Federn auf rotem Grund.<\/p>\n\n\n\n<p>Das Land der Aillards liegt in der Ebene von Valeron und der Stammsitz wird Valleron genannt.<\/p>\n\n\n\n<h5 class=\"wp-block-heading\">Alton<\/h5>\n\n\n\n<p>Das Land der Altons liegt in den Kilhard Bergen bis hin zum Fluss Kadarin. Sein zentraler Sitz ist Armida.<\/p>\n\n\n\n<p>Die Gabe der Altons ist der erzwungene Rapport. Dies bedeutet, dass ein Alton mit dieser Gabe auch in den Geist eines nicht-Telepathen eindringen kann, um seinen Geist zu sondieren - oder f\u00fcr die Gedanken, die der Alton ihn durchleben lassen m\u00f6chte.<br>Der Zorn eines Altons kann paralysieren oder sogar t\u00f6ten.<br>Die Alton-Gabe ist \"antagonistisch\" zur Hastur-Gabe. (Worin MZB sich aber in \"Hasturs Erbe\" selbst wiederspricht.)<\/p>\n\n\n\n<p>Das Motto der Altons ist \"Fortua Montani\" - Das Gl\u00fcck der Berge.<\/p>\n\n\n\n<p>Das Wappen der Altons ist ein (schwarzer) Falke vor Bergen auf gr\u00fcnem Grund<\/p>\n\n\n\n<h5 class=\"wp-block-heading\">Ardais<\/h5>\n\n\n\n<h5 class=\"wp-block-heading\">Aldaran<\/h5>\n\n\n\n<h5 class=\"wp-block-heading\">Serrais \/ Ridenow<\/h5>\n\n\n\n<h3 class=\"wp-block-heading\">Die kleineren Comyn-Familien<br><\/h3>\n\n\n\n<p>Marion Zimmer Bradley hat uns in ihren B\u00fcchern eine Menge an kleineren Comyn Familien gegeben. Manchmal waren sie f\u00fcr den Roman wichtige Familien und wir haben entsprechend mehr Informationen \u00fcber sie als jene Familien, welche sie nur f\u00fcr kurze Erw\u00e4hnungen ben\u00f6tigte und uns oft nicht mehr als ihren Namen gegeben hat. In diesen F\u00e4llen haben wir uns dieser Familien f\u00fcr das LARP bedient und ihnen einen eigenen Background verpasst, mehr oder weniger ausf\u00fchrlicher.<\/p>\n\n\n\n<p>Hier geben wir euch die Namen der Familien an. <\/p>\n\n\n\n<p><em>Ob diese bereits bespielt sind oder in den Stammb\u00e4umen verflochten sind, k\u00f6nnt ihr im Forum nachschauen.<\/em><\/p>\n\n\n\n<p>Wenn ihr mehr \u00fcber diese Familien aus den B\u00fcchern erfahren wollt, verweisen wir euch auf delleray.de oder auf HaliTower<\/p>\n\n\n\n<ul class=\"wp-block-list\"><li><strong>Acosta<\/strong><\/li><li><strong>Alar<\/strong><\/li><li><strong>Castamir<\/strong><\/li><li><strong>Darriell <\/strong><\/li><li><strong>Delleray <\/strong><\/li><li><strong>Deslucido <\/strong><\/li><li><strong>Di Asturien <\/strong><\/li><li><strong>Eldrin <\/strong><\/li><li><strong>Esperanza <\/strong><\/li><li><strong>Haldar <\/strong><\/li><li><strong>Harryl <\/strong><\/li><li><strong>Hawksflight <\/strong><\/li><li><strong>Heathvine <\/strong><\/li><li><strong>High Ridge <\/strong><\/li><li><strong>Isoldir <\/strong><\/li><li><strong>Lanart <\/strong><\/li><li><strong>Leynier <\/strong><\/li><li><strong>Lindir <\/strong><\/li><li><strong>Linn <\/strong><\/li><li><strong>Mac Aran <\/strong><\/li><li><strong>Mac Anndra <\/strong><\/li><li><strong>Moray von Hammerfell <\/strong><\/li><li><strong>Reyes <\/strong><\/li><li><strong>Rockraven <\/strong><\/li><li><strong>Scathfell <\/strong><\/li><li><strong>Storn <\/strong><\/li><li><strong>Syrtis <\/strong><\/li><li><strong>Tyall <\/strong><\/li><li><strong>Vair <\/strong><\/li><li><strong>Vallonde <\/strong><\/li><li><strong>Vyandal <\/strong><\/li><li><strong>Windhaven <\/strong><\/li><\/ul>\n","protected":false},"excerpt":{"rendered":"<p>Die 7 gro\u00dfen Familien Die sieben gro\u00dfen Familien Darkovers f\u00fchren ihre Herkunft auf Hastur und Cassilda zur\u00fcck und sind damit von g\u00f6ttlicher Abstammung. Durch ihr Laran ist dies offensichtlich, denn woher sonst, sollten sie diese Gaben haben? Im Zeitalter des Chaos ist der Begriff der 7 Dom\u00e4nen noch nicht wirklich gel\u00e4ufig. In \"Herrin der St\u00fcrme\" <a href=\"https:\/\/www.darkover-con.de\/?page_id=2301\" class=\"more-link\">...weiterlesen<span class=\"screen-reader-text\"> \"Die 7 gro\u00dfen Comyn-Familien\"<\/span><\/a><\/p>\n","protected":false},"author":4,"featured_media":0,"parent":2272,"menu_order":0,"comment_status":"closed","ping_status":"closed","template":"","meta":{"footnotes":""},"class_list":["post-2301","page","type-page","status-publish","h-entry","hentry","h-as-page"],"_links":{"self":[{"href":"https:\/\/www.darkover-con.de\/index.php?rest_route=\/wp\/v2\/pages\/2301","targetHints":{"allow":["GET"]}}],"collection":[{"href":"https:\/\/www.darkover-con.de\/index.php?rest_route=\/wp\/v2\/pages"}],"about":[{"href":"https:\/\/www.darkover-con.de\/index.php?rest_route=\/wp\/v2\/types\/page"}],"author":[{"embeddable":true,"href":"https:\/\/www.darkover-con.de\/index.php?rest_route=\/wp\/v2\/users\/4"}],"replies":[{"embeddable":true,"href":"https:\/\/www.darkover-con.de\/index.php?rest_route=%2Fwp%2Fv2%2Fcomments&post=2301"}],"version-history":[{"count":11,"href":"https:\/\/www.darkover-con.de\/index.php?rest_route=\/wp\/v2\/pages\/2301\/revisions"}],"predecessor-version":[{"id":2723,"href":"https:\/\/www.darkover-con.de\/index.php?rest_route=\/wp\/v2\/pages\/2301\/revisions\/2723"}],"up":[{"embeddable":true,"href":"https:\/\/www.darkover-con.de\/index.php?rest_route=\/wp\/v2\/pages\/2272"}],"wp:attachment":[{"href":"https:\/\/www.darkover-con.de\/index.php?rest_route=%2Fwp%2Fv2%2Fmedia&parent=2301"}],"curies":[{"name":"wp","href":"https:\/\/api.w.org\/{rel}","templated":true}]}}