{"id":2453,"date":"2019-04-21T14:12:24","date_gmt":"2019-04-21T13:12:24","guid":{"rendered":"http:\/\/www.darkover-con.de\/?page_id=2453"},"modified":"2023-09-09T17:00:06","modified_gmt":"2023-09-09T16:00:06","slug":"who-is-who","status":"publish","type":"page","link":"https:\/\/www.darkover-con.de\/?page_id=2453","title":{"rendered":"Who is Who"},"content":{"rendered":"\n<p>Zum entstandenen, ungewollten roten Faden geh\u00f6ren auch Charaktere, die  auftauchten und von denen immer noch gesprochen werden d\u00fcrfte. Personen,  die ein Darkovaner kennen k\u00f6nnte.<\/p>\n\n\n\n<p><em>Hier eine kurze Auflistung von Charakteren in alphapetischer Auflistung<\/em><\/p>\n\n\n\n<h2 class=\"wp-block-heading\"><em>Charaktere, die derzeit vermehrt auftauchten:<\/em><\/h2>\n\n\n\n<h5 class=\"wp-block-heading\">Deionora Alton<\/h5>\n\n\n\n<p>Neuerdings Lady Alton. Eine Frau, die wei\u00df, wo es langgeht.<\/p>\n\n\n\n<h5 class=\"wp-block-heading\">Elaine Alton <em>(y Vallonde)<\/em> <em>(y Ardais) (y Alton von High Chapel)<\/em><\/h5>\n\n\n\n<p>Eine Dame von Anstand und Sitte, mehrfach verheiratet und verwitwet; mit verheirateten Kindern und Enkeln. Sie beh\u00e4lt den Anstand im Auge und glaubt, dass am Ende alles gut wird.<\/p>\n\n\n\n<h5 class=\"wp-block-heading\">Fionn Hammerfell<\/h5>\n\n\n\n<p>Unter-Bewahrer von Tramontana. Hat eine Affinit\u00e4t zu Discokugeln und der Entwicklung von Haarpflegeserien.<\/p>\n\n\n\n<h5 class=\"wp-block-heading\">Fredrik Alton<\/h5>\n\n\n\n<p>Ein Wissenschaftler der unnachahmlichen Art. Nach einem verl\u00e4ngerten Aufenthalt in der Oberwelt ist sein Vertrauen in das Erinnerungsverm\u00f6gen seiner Mit-T\u00fcrmler in Hestral begrenzt. Besetzer des sch\u00f6nsten, besten, modernsten und lichtdurchflutesten Labor Darkovers.<\/p>\n\n\n\n<h5 class=\"wp-block-heading\">Hayden Elhalyn<\/h5>\n\n\n\n<p>Paradiesvogel, Poet, Komponist, ein Freund, ja gar ein Schreiber der Oper \u2013 und <strong>der<\/strong> Mann in Thendara, der den Herren zeigt, was Mode sein wird. Neuerdings Lord Elhalyn.<\/p>\n\n\n\n<h5 class=\"wp-block-heading\">Hilde<\/h5>\n\n\n\n<p>Hervorragende K\u00f6chin und Betreiberin der Taverne \"Zum gl\u00fccklichen Schaf\". Braut meisterliches Bier. <em>(Nur echt mit den 2 gekreuzten Schwertern.)<\/em><\/p>\n\n\n\n<h5 class=\"wp-block-heading\">Janisa n'ha Rosaly<\/h5>\n\n\n\n<p>Schwertschwester und Friedensfrau a.D. der Regentin von Aillard. Unterst\u00fctzerin des neu gegr\u00fcndeten Haus der Schwertschwestern. Auf der Suche nach neuen Herausforderungen. <\/p>\n\n\n\n<h5 class=\"wp-block-heading\">Leandra Storn<\/h5>\n\n\n\n<p>Eine Leronis von Tramontana, die nun in Hestral dient und der die unkonventionelle Art des Turmes entgegen kommt. Ihre Br\u00fcder verwechseln sich gerne mal.<\/p>\n\n\n\n<h5 class=\"wp-block-heading\">Lord Liam Ambervale<\/h5>\n\n\n\n<p>Ein Mann mit stillen Ambitionen und einem erstaunlich gef\u00e4cherten Weitblick. Regent von Aldaran.<\/p>\n\n\n\n<h5 class=\"wp-block-heading\">Loren<\/h5>\n\n\n\n<p>Junger Bardensch\u00fcler, der sich mit erwachter Donas und einem neuen Platz in der Welt auseinandersetzen muss.<\/p>\n\n\n\n<h5 class=\"wp-block-heading\">Magda<\/h5>\n\n\n\n<p>Idealistische Gr\u00fcnderin des ersten Frauenhauses unter der Schirmherrschaft der Schwertschwestern.<\/p>\n\n\n\n<h5 class=\"wp-block-heading\">Mallina Hammerfell<\/h5>\n\n\n\n<p>Eine verheiratete Frau, die fern ihres Gatten in Hestral weilt und f\u00fcr deren Ansichten und Weltanschauungen Darkover wohl niemals bereit sein wird.<\/p>\n\n\n\n<h5 class=\"wp-block-heading\">Lord Mikhail Alton<\/h5>\n\n\n\n<p>Ist seit kurzem Lord Alton und versucht f\u00fcr diese Aufgabe stets anwesend zu sein. Seine Frau unterst\u00fctzt ihn resolut.<\/p>\n\n\n\n<h5 class=\"wp-block-heading\">Motte<\/h5>\n\n\n\n<p>Ein wandernder Barde, dessen ungez\u00fcgelte Leidenschaft der Musik gilt. Ger\u00fcchteweise auch der Damenwelt<em>.<\/em><\/p>\n\n\n\n<h5 class=\"wp-block-heading\">Natasha Eldrin<\/h5>\n\n\n\n<p>Eine reisefreudige Leronis mit multiplen F\u00e4higkeiten, der sich T\u00fcren \u00f6ffnen. <\/p>\n\n\n\n<h5 class=\"wp-block-heading\">Renn<\/h5>\n\n\n\n<p>Ohren und Auge Domna Elaines. Kommentator von Ereignissen. Besorgt Dinge und findet Wege. Verteiler von Essen an Leronyn. Anw\u00e4rter auf rekonstruktive Implantations-Chirurgie bei Fredrik Alton.<\/p>\n\n\n\n<h5 class=\"wp-block-heading\">Rodrigo von Hestral<\/h5>\n\n\n\n<p>Der 1. Bewahrer von Hestral;\u00a0 will seinen Turm wieder zu technischem und finanziellem Erfolg sowie Unabh\u00e4ngigkeit f\u00fchren. Seine, h\u00e4ufig gez\u00fcgelte, Leidenschaft gilt der Musik.<\/p>\n\n\n\n<h5 class=\"wp-block-heading\">Yarid Ruyven Alton von High Chapel<\/h5>\n\n\n\n<p>Ein Mann, den das Schicksal sucht und der Fettn\u00e4pfchen findet. Ein ehemaliger Barde, inzwischen Lord eines kleinen Alton-Gutes. Er ging durch Zandrus 7 H\u00f6llen ehe er der wackere Gatte von Domna Elaine wurde.<\/p>\n\n\n\n<h2 class=\"wp-block-heading\"><em>Charaktere, die einst auftauchten und \u00fcber die geschwatzt wird:<\/em><\/h2>\n\n\n\n<h5 class=\"wp-block-heading\">Bernado Tyall<\/h5>\n\n\n\n<p>Ein M\u00e4zen und Koryph\u00e4e der au\u00dferordentlichen Art in Thendara. Zudem mit einer jungen Frau und vielen bunten Schafen. Verstorben, w\u00e4hrend er heldenhaft einen Angreifer niederfocht.<\/p>\n\n\n\n<h5 class=\"wp-block-heading\">Coryn Syrtis<\/h5>\n\n\n\n<p>Ein Turmarbeiter des Friedens, f\u00fcr dessen Ansichten zumindest diese Welt noch nicht bereit ist. Seine Loyalit\u00e4t geh\u00f6rt au\u00dferdem einem Ex-Ziegenm\u00e4dchen.<\/p>\n\n\n\n<h5 class=\"wp-block-heading\">K\u00f6nig Corran di Asturien <em>(Ex-Lord von Greenscarp)<\/em><\/h5>\n\n\n\n<p>Ein Cousin des K\u00f6nigs von Asturias; ein Krieger, den die Ehre in so manche Zwickm\u00fchle bringt. Brachte ihm dann auch die K\u00f6nigsw\u00fcrde von Asturias ein.<\/p>\n\n\n\n<h5 class=\"wp-block-heading\">Diotima Alton<em> (y Delleray)<\/em><\/h5>\n\n\n\n<p>Tochter des verstorbenen Lord Alton. Wohlerzogen und doch unkonventionell in manchen Sinnesrichtungen. Verwitwet und Mutter des Erben von Delleray.<\/p>\n\n\n\n<h5 class=\"wp-block-heading\">Emilia di Asturien<\/h5>\n\n\n\n<p>Eine Turmarbeiterin mit Wissensdurst und Neugierde. Wuchs mit Ziegen auf und wurde von einer Matrix verf\u00fchrt. Und auch von einem friedliebenden Laranzu.<\/p>\n\n\n\n<h5 class=\"wp-block-heading\">Lord Esteban Alton<\/h5>\n\n\n\n<p>Ein Lord, der oft anwesend ist, aber nie dann, wenn man ihn braucht. Mittlerweile verstorben und deswegen immer abwesend.<\/p>\n\n\n\n<h5 class=\"wp-block-heading\">Lord Jerome Hastur von Carcosa<\/h5>\n\n\n\n<p>Ein sehr m\u00e4chtiger Hastur-Lord, mit solcher Pr\u00e4senz, dass manche ihn f\u00e4lschlicherweise f\u00fcr den K\u00f6nig halten. <\/p>\n\n\n\n<h5 class=\"wp-block-heading\">Lord Joric Aldaran<\/h5>\n\n\n\n<p>Einst ein stolzer und charismatischer Comynlord, der \u00c4rger versprach. Nach einem Attentat auf sein Leben ein Schatten seiner selbst.<\/p>\n\n\n\n<h5 class=\"wp-block-heading\">Linnea Aillard<\/h5>\n\n\n\n<p>Ehemalige Regentin von Aillard f\u00fcr ihre Nichte; eine Frau, die Gefallen an der Macht gefunden hat. Trotz fr\u00fcherer Skandale inzwischen verheiratet und sichert die Aillard - Linie.<\/p>\n\n\n\n<h5 class=\"wp-block-heading\">Octavian Hastur<\/h5>\n\n\n\n<p>Nach dem Tode seines Bruders, K\u00f6nig von Hastur und Thendara, in den Augen der Hasturs der K\u00f6nig der Welt. Auf Grund eines hinterh\u00e4ltigen Laran-Angriff wurde er der Welt genommen.<\/p>\n\n\n\n<h5 class=\"wp-block-heading\">Rakhaila Aldaran<\/h5>\n\n\n\n<p>Joric Aldarans Tochter; eine Frau, die \u00c4rger verspricht. <br>Nach dem Aldaran-Attentat und Tod des Erben verheiratet mit Lord Ambervale. Die Hellers warten auf einen Erben f\u00fcr Aldaran.<\/p>\n\n\n\n<h5 class=\"wp-block-heading\">Robay Harryl<\/h5>\n\n\n\n<p>Ein St\u00fcckeschreiber. Gef\u00f6rdert von reichen G\u00f6nnern, trifft er den Geschmack des Publikums.<\/p>\n\n\n\n<p class=\"has-text-color has-small-font-size has-cyan-bluish-gray-color\"><em>m\u00e1s descripciones en progreso \u2026<br> Weitere Beschreibungen werden via <a href=\"http:\/\/darkover-con.forenverzeichnis.com\/\">Forum im Bereich LARP<\/a> gerne entgegen genommen.<\/em><\/p>\n\n\n\n<h2 class=\"wp-block-heading\"><em>Wer liegt denn nun mit wem im Klinsch?<\/em><\/h2>\n\n\n\n<ul class=\"wp-block-list\">\n<li>Elhalyn und Hastur riefen zu Auslieferung der Renegaten auf und zu schwerwiegenden Konsequenzen f\u00fcr jene Lords, die ihrer Aufforderung nicht nachkommen. Nun steht wohl Alton auf der Gegenseite zum einstigen Verb\u00fcndeten Hastur.<\/li>\n\n\n\n<li>Castamir und Asturias behalten ihre \u00fcber mehrere Generationen w\u00e4hrende Fehde bei. Sie werden sich wohl auch trotz des kurzen B\u00fcndnisses vor rund einem Jahrzehnt in \u201eTitanias Kupferkessels\u201d  am liebsten an die Gurgel gehen, wenn sie sich begegnen.<\/li>\n\n\n\n<li>Hastur und Aldaran \u2026 hm\u2026 das ist wohl nicht das freundschaftlichste Friedensb\u00fcndnis<\/li>\n\n\n\n<li>Die T\u00fcrme Hali und Hestral  stritten in der Vergangenheit \u00fcber Brandbek\u00e4mpfungsmittel und wandten Wirtschaftsspionage an. Das Verh\u00e4ltnis der zwei T\u00fcrme ist extrem  angespannt.<\/li>\n\n\n\n<li>Alle gegen das B\u00f6se \u2013 denn im Zweifel muss man zusammenarbeiten um zu \u00fcberleben.<\/li>\n<\/ul>\n","protected":false},"excerpt":{"rendered":"<p>Zum entstandenen, ungewollten roten Faden geh\u00f6ren auch Charaktere, die auftauchten und von denen immer noch gesprochen werden d\u00fcrfte. Personen, die ein Darkovaner kennen k\u00f6nnte. Hier eine kurze Auflistung von Charakteren in alphapetischer Auflistung Charaktere, die derzeit vermehrt auftauchten: Deionora Alton Neuerdings Lady Alton. Eine Frau, die wei\u00df, wo es langgeht. Elaine Alton (y Vallonde) (y <a href=\"https:\/\/www.darkover-con.de\/?page_id=2453\" class=\"more-link\">...weiterlesen<span class=\"screen-reader-text\"> \"Who is Who\"<\/span><\/a><\/p>\n","protected":false},"author":4,"featured_media":0,"parent":11,"menu_order":7,"comment_status":"closed","ping_status":"closed","template":"","meta":{"footnotes":""},"class_list":["post-2453","page","type-page","status-publish","h-entry","hentry","h-as-page"],"_links":{"self":[{"href":"https:\/\/www.darkover-con.de\/index.php?rest_route=\/wp\/v2\/pages\/2453","targetHints":{"allow":["GET"]}}],"collection":[{"href":"https:\/\/www.darkover-con.de\/index.php?rest_route=\/wp\/v2\/pages"}],"about":[{"href":"https:\/\/www.darkover-con.de\/index.php?rest_route=\/wp\/v2\/types\/page"}],"author":[{"embeddable":true,"href":"https:\/\/www.darkover-con.de\/index.php?rest_route=\/wp\/v2\/users\/4"}],"replies":[{"embeddable":true,"href":"https:\/\/www.darkover-con.de\/index.php?rest_route=%2Fwp%2Fv2%2Fcomments&post=2453"}],"version-history":[{"count":19,"href":"https:\/\/www.darkover-con.de\/index.php?rest_route=\/wp\/v2\/pages\/2453\/revisions"}],"predecessor-version":[{"id":3335,"href":"https:\/\/www.darkover-con.de\/index.php?rest_route=\/wp\/v2\/pages\/2453\/revisions\/3335"}],"up":[{"embeddable":true,"href":"https:\/\/www.darkover-con.de\/index.php?rest_route=\/wp\/v2\/pages\/11"}],"wp:attachment":[{"href":"https:\/\/www.darkover-con.de\/index.php?rest_route=%2Fwp%2Fv2%2Fmedia&parent=2453"}],"curies":[{"name":"wp","href":"https:\/\/api.w.org\/{rel}","templated":true}]}}