{"id":2519,"date":"2019-04-22T14:31:26","date_gmt":"2019-04-22T13:31:26","guid":{"rendered":"http:\/\/www.darkover-con.de\/?page_id=2519"},"modified":"2019-04-22T14:31:26","modified_gmt":"2019-04-22T13:31:26","slug":"2005-fruehjahr","status":"publish","type":"page","link":"https:\/\/www.darkover-con.de\/?page_id=2519","title":{"rendered":"2005 &#8211; Fr\u00fchjahr"},"content":{"rendered":"\n<h3 class=\"wp-block-heading\">Plot zur April Con 2005<\/h3>\n\n\n\n<h4 class=\"wp-block-heading\">Jagdgesellschaft bei Edric Storn<\/h4>\n\n\n\n<p>Es herrscht wie immer ein gesch\u00e4ftiges Treiben auf dem Marktplatz Thendaras<br>als sich ein junger Mann mit einigen lauten Rufen die Aufmerksamkeit<br>seiner Umgebung sichert:<\/p>\n\n\n\n<p><em>\u201cH\u00f6rt mir einen Moment zu, vai Mestri!<br>So wartet doch einen kleinen Moment, vai Dom, Ihr seht aus, als w\u00fcrde Euch mein Aufruf interessieren k\u00f6nnen!\u201c <\/em><\/p>\n\n\n\n<p>Er r\u00e4uspert sich noch einmal, &nbsp;schaut sich ruhig in der Runde um und rollt eine Pergamentrolle auseinander.<\/p>\n\n\n\n<p><em>\u201eWerte Comyn, Mestru und sonstiges Freies Volk!<\/em><\/p>\n\n\n\n<p><em>Es freut mich, verk\u00fcnden zu k\u00f6nnen, dass wir, Edric Storn auf dem Gut meines Vaters eine kleine Jagdgesellschaft geben werden.<br>Hierzu werden wir einigen Comyn und hochangesehenen B\u00fcrgern unserer sch\u00f6nen Stadt Thendara Einladungen zukommen lassen und w\u00fcrden uns freuen, diese auf unserem Gut f\u00fcr einige Zeit wilkommen zu hei\u00dfen.\u201c<\/em><\/p>\n\n\n\n<p>Schon wollen die ersten sich abwenden, denn was h\u00e4tten sie schon von einer Einladung an die Comyn?<br>Verschwendete Zeit, \u00fcberhaupt solange zuzuh\u00f6ren! Der Ausrufer setzt nocheinmal an:<\/p>\n\n\n\n<p><em>\u201eDazu sei des weiteren Kund getan, dass wir einige au\u00dferordentliche Anstellungen vornehmen werden. Wir bitten daher, Kundschafter und K\u00e4mpfer, ja, selbst Heiler und M\u00e4gde bei uns vorstellig zu werden.<br>Es soll sicher nicht zu Eurem Schaden sein!\u201c<\/em><\/p>\n\n\n\n<p>Der junge Mann l\u00e4sst seine Schriftrolle sinken, blickt sich gelassen um.<\/p>\n\n\n\n<p><em>\u201eSollte jemand Interesse haben, oder noch weitere Fragen bez\u00fcglich der Einladung oder der Anstellung, so mag er sich gerne an mich wenden, oder direkt zum Stadthaus der Storns gehen.\u201c<\/em><\/p>\n\n\n\n<p>Nach diesen Worten entsteht ein Gedr\u00e4nge. Einige haben es eilig, mit diesem jungen Burschen zu reden, andere tauschen die neuesten Ger\u00fcchte aus. Von \u00fcberall her h\u00f6rt man es surren:<\/p>\n\n\n\n<p><em>\u201eEdric Storn... war das nicht der Nedestro des alten Storn? Ist er denn anerkannt worden, dass er sich so etwas erlauben kann? Oder handelt es sich wieder nur um einen der zahllosen Skandale, die der junge Bursche in letzter Zeit angezettelt haben soll?\u201c<\/em><\/p>\n\n\n\n<p>Man hat ja schon einiges geh\u00f6rt...<\/p>\n\n\n\n<p><strong>Der Plot (outtime)<\/strong><\/p>\n\n\n\n<p>Ja, und schon einiges geh\u00f6rt habt Ihr, liebe Darkovaner, sicher auch!<br>Es ist ja kein Geheimnis gewesen, dass ich genug Hofhaltungen in einer Reihe gehabt habe und deswegen einmal versuchen wollte, Euch mit einem klassischen Abenteuer-Plot zu konfrontieren... Jetzt habe ich ja schon einiges an LARP Erfahrung, aber bis jetzt habe ich noch nie selber einen Plot umgesetzt...<br>und ich habe das ehrgeizige Ziel,jeden, der spielen m\u00f6chte, mit einzubeziehen, aber auch niemanden mit der Geschichte zu bel\u00e4stigen, der nicht f\u00fcrs LARP nach Darkover gefahren ist.<\/p>\n\n\n\n<p>Daher habe ich hier eine Einstiegsm\u00f6glichkeit (und keine Sorge, der Ausrufer ist auch in anderen St\u00e4dten t\u00e4tig, wenn jemand einen Trockenst\u00e4dter oder Aldaraner spielen m\u00f6chte, er wird schon von dieser kleinen Gesellschaft geh\u00f6rt haben...) gesucht, die es offen l\u00e4sst, als was oder wer man dort erscheint.<br>Das Einzige, was ich nicht willkommen hei\u00dfen werde sind Terraner, 1.April hin oder her! (o:<\/p>\n\n\n\n<p>Den \u201eNicht-Spielern\u201c w\u00fcrde ich nahe legen, einfach jemanden aus dem Stab des &nbsp;Jagdgutes zu w\u00e4hlen, dann k\u00f6nnt Ihr im Haus bleiben oder sonst was tun, was Ihr m\u00f6chtet, ohne dass Ihr gro\u00df in den Plot involviert werdet. Man wird Euch h\u00f6chstens mit kleinen Fragen bel\u00e4stigen und da bekommt Ihr von mir eine m\u00f6gliche Antwortenpalette...<\/p>\n\n\n\n<p>Ansonsten h\u00e4tte ich die Charakterb\u00f6gen gerne einen Monat vor der Con, als sp\u00e4tester Termin, um evtl noch pers\u00f6nliche Plots ausarbeiten zu k\u00f6nnen!<\/p>\n\n\n\n<p>Wer danach nicht da ist, hat Pech gehabt... (o:<\/p>\n\n\n\n<p><em>Kleinere \u00c4nderungen am Rande: <\/em><\/p>\n\n\n\n<p>Diesmal m\u00f6chte ich die Charab\u00f6gen nicht vorher ausstellen, da f\u00fcr viele der Charaktere auch dort die erste Begegnung mit dem anderem sein wird. Der \u201eGastgeber\u201c wird sich den Leuten, je nachdem, was Ihr spielen m\u00f6chtet, vorstellen oder auch nicht. Die einzigen Namen, die Ihr Euch also merken m\u00fcsstet, w\u00e4ren die Eurer direkten Reisegef\u00e4hrten und nat\u00fcrlich der eigene!<\/p>\n\n\n\n<p><em>Das Laran<\/em>: gut, es ist offensichtlich wesentlich verbreiteter als nur bei den Comyn, sonst w\u00e4re es ja auch langweilig! Jetzt gab es beim letzten Plot einige gute Ans\u00e4tze und einige eher m\u00e4\u00dfige... deswegen sollte sich vielleicht jeder fragen \u201em\u00f6chte ich das wirklich?\u201c.<\/p>\n\n\n\n<p>Wir haben einfach nicht die M\u00f6glichkeiten gehabt, alles auszuspielen, deswegen h\u00e4tte es mehr beschrieben werden m\u00fcssen... da aber nicht jeder so etwas aus dem \u00c4rmel sch\u00fctteln kann, \u00fcberlegen Renata und ich noch ein bi\u00dfchen, ob und wie man diese PSI-Kr\u00e4fte in ein Regelsystem mit \u201eSpr\u00fcchen\u201c und Erfolgschancen packen kann... sobald das ausgereift ist, stellen wir es zur Diskussion frei... (wahrscheinlich im Forum der Darkover-Con.de)<\/p>\n\n\n\n<p><em>Ein letzter Punkt:<\/em> Wenn jemand eine Extraportion Plot m\u00f6chte, soll er das sagen, dann kriegt er die auch! *bG*<\/p>\n\n\n\n<p>Ganz liebe Gr\u00fc\u00dfe<\/p>\n\n\n\n<p>Caillean n\u2019ha Gwynn<\/p>\n\n\n\n<h3 class=\"wp-block-heading\">Berichte<\/h3>\n\n\n\n<p>Leider sind keine Berichte erhalten geblieben oder \u00fcberliefert, obwohl es ein toller Plot war.<\/p>\n\n\n\n<p>Renn verlor in diesem Plot ihr Auge, dass von dem Katzenwesen namens Mii gefressen wurde.<br><\/p>\n","protected":false},"excerpt":{"rendered":"<p>Plot zur April Con 2005 Jagdgesellschaft bei Edric Storn Es herrscht wie immer ein gesch\u00e4ftiges Treiben auf dem Marktplatz Thendarasals sich ein junger Mann mit einigen lauten Rufen die Aufmerksamkeitseiner Umgebung sichert: \u201cH\u00f6rt mir einen Moment zu, vai Mestri!So wartet doch einen kleinen Moment, vai Dom, Ihr seht aus, als w\u00fcrde Euch mein Aufruf interessieren <a href=\"https:\/\/www.darkover-con.de\/?page_id=2519\" class=\"more-link\">...weiterlesen<span class=\"screen-reader-text\"> \"2005 &#8211; Fr\u00fchjahr\"<\/span><\/a><\/p>\n","protected":false},"author":4,"featured_media":0,"parent":1222,"menu_order":7,"comment_status":"closed","ping_status":"closed","template":"","meta":{"footnotes":""},"class_list":["post-2519","page","type-page","status-publish","h-entry","hentry","h-as-page"],"_links":{"self":[{"href":"https:\/\/www.darkover-con.de\/index.php?rest_route=\/wp\/v2\/pages\/2519","targetHints":{"allow":["GET"]}}],"collection":[{"href":"https:\/\/www.darkover-con.de\/index.php?rest_route=\/wp\/v2\/pages"}],"about":[{"href":"https:\/\/www.darkover-con.de\/index.php?rest_route=\/wp\/v2\/types\/page"}],"author":[{"embeddable":true,"href":"https:\/\/www.darkover-con.de\/index.php?rest_route=\/wp\/v2\/users\/4"}],"replies":[{"embeddable":true,"href":"https:\/\/www.darkover-con.de\/index.php?rest_route=%2Fwp%2Fv2%2Fcomments&post=2519"}],"version-history":[{"count":2,"href":"https:\/\/www.darkover-con.de\/index.php?rest_route=\/wp\/v2\/pages\/2519\/revisions"}],"predecessor-version":[{"id":2521,"href":"https:\/\/www.darkover-con.de\/index.php?rest_route=\/wp\/v2\/pages\/2519\/revisions\/2521"}],"up":[{"embeddable":true,"href":"https:\/\/www.darkover-con.de\/index.php?rest_route=\/wp\/v2\/pages\/1222"}],"wp:attachment":[{"href":"https:\/\/www.darkover-con.de\/index.php?rest_route=%2Fwp%2Fv2%2Fmedia&parent=2519"}],"curies":[{"name":"wp","href":"https:\/\/api.w.org\/{rel}","templated":true}]}}

2005 &#8211; Frühjahr

<h3 class="wp-block-heading">Plot zur April Con 2005</h3>



<h4 class="wp-block-heading">Jagdgesellschaft bei Edric Storn</h4>



<p>Es herrscht wie immer ein geschäftiges Treiben auf dem Marktplatz Thendaras<br>als sich ein junger Mann mit einigen lauten Rufen die Aufmerksamkeit<br>seiner Umgebung sichert:</p>



<p><em>“Hört mir einen Moment zu, vai Mestri!<br>So wartet doch einen kleinen Moment, vai Dom, Ihr seht aus, als würde Euch mein Aufruf interessieren können!“ </em></p>



<p>Er räuspert sich noch einmal, &nbsp;schaut sich ruhig in der Runde um und rollt eine Pergamentrolle auseinander.</p>



<p><em>„Werte Comyn, Mestru und sonstiges Freies Volk!</em></p>



<p><em>Es freut mich, verkünden zu können, dass wir, Edric Storn auf dem Gut meines Vaters eine kleine Jagdgesellschaft geben werden.<br>Hierzu werden wir einigen Comyn und hochangesehenen Bürgern unserer schönen Stadt Thendara Einladungen zukommen lassen und würden uns freuen, diese auf unserem Gut für einige Zeit wilkommen zu heißen.“</em></p>



<p>Schon wollen die ersten sich abwenden, denn was hätten sie schon von einer Einladung an die Comyn?<br>Verschwendete Zeit, überhaupt solange zuzuhören! Der Ausrufer setzt nocheinmal an:</p>



<p><em>„Dazu sei des weiteren Kund getan, dass wir einige außerordentliche Anstellungen vornehmen werden. Wir bitten daher, Kundschafter und Kämpfer, ja, selbst Heiler und Mägde bei uns vorstellig zu werden.<br>Es soll sicher nicht zu Eurem Schaden sein!“</em></p>



<p>Der junge Mann lässt seine Schriftrolle sinken, blickt sich gelassen um.</p>



<p><em>„Sollte jemand Interesse haben, oder noch weitere Fragen bezüglich der Einladung oder der Anstellung, so mag er sich gerne an mich wenden, oder direkt zum Stadthaus der Storns gehen.“</em></p>



<p>Nach diesen Worten entsteht ein Gedränge. Einige haben es eilig, mit diesem jungen Burschen zu reden, andere tauschen die neuesten Gerüchte aus. Von überall her hört man es surren:</p>



<p><em>„Edric Storn... war das nicht der Nedestro des alten Storn? Ist er denn anerkannt worden, dass er sich so etwas erlauben kann? Oder handelt es sich wieder nur um einen der zahllosen Skandale, die der junge Bursche in letzter Zeit angezettelt haben soll?“</em></p>



<p>Man hat ja schon einiges gehört...</p>



<p><strong>Der Plot (outtime)</strong></p>



<p>Ja, und schon einiges gehört habt Ihr, liebe Darkovaner, sicher auch!<br>Es ist ja kein Geheimnis gewesen, dass ich genug Hofhaltungen in einer Reihe gehabt habe und deswegen einmal versuchen wollte, Euch mit einem klassischen Abenteuer-Plot zu konfrontieren... Jetzt habe ich ja schon einiges an LARP Erfahrung, aber bis jetzt habe ich noch nie selber einen Plot umgesetzt...<br>und ich habe das ehrgeizige Ziel,jeden, der spielen möchte, mit einzubeziehen, aber auch niemanden mit der Geschichte zu belästigen, der nicht fürs LARP nach Darkover gefahren ist.</p>



<p>Daher habe ich hier eine Einstiegsmöglichkeit (und keine Sorge, der Ausrufer ist auch in anderen Städten tätig, wenn jemand einen Trockenstädter oder Aldaraner spielen möchte, er wird schon von dieser kleinen Gesellschaft gehört haben...) gesucht, die es offen lässt, als was oder wer man dort erscheint.<br>Das Einzige, was ich nicht willkommen heißen werde sind Terraner, 1.April hin oder her! (o:</p>



<p>Den „Nicht-Spielern“ würde ich nahe legen, einfach jemanden aus dem Stab des &nbsp;Jagdgutes zu wählen, dann könnt Ihr im Haus bleiben oder sonst was tun, was Ihr möchtet, ohne dass Ihr groß in den Plot involviert werdet. Man wird Euch höchstens mit kleinen Fragen belästigen und da bekommt Ihr von mir eine mögliche Antwortenpalette...</p>



<p>Ansonsten hätte ich die Charakterbögen gerne einen Monat vor der Con, als spätester Termin, um evtl noch persönliche Plots ausarbeiten zu können!</p>



<p>Wer danach nicht da ist, hat Pech gehabt... (o:</p>



<p><em>Kleinere Änderungen am Rande: </em></p>



<p>Diesmal möchte ich die Charabögen nicht vorher ausstellen, da für viele der Charaktere auch dort die erste Begegnung mit dem anderem sein wird. Der „Gastgeber“ wird sich den Leuten, je nachdem, was Ihr spielen möchtet, vorstellen oder auch nicht. Die einzigen Namen, die Ihr Euch also merken müsstet, wären die Eurer direkten Reisegefährten und natürlich der eigene!</p>



<p><em>Das Laran</em>: gut, es ist offensichtlich wesentlich verbreiteter als nur bei den Comyn, sonst wäre es ja auch langweilig! Jetzt gab es beim letzten Plot einige gute Ansätze und einige eher mäßige... deswegen sollte sich vielleicht jeder fragen „möchte ich das wirklich?“.</p>



<p>Wir haben einfach nicht die Möglichkeiten gehabt, alles auszuspielen, deswegen hätte es mehr beschrieben werden müssen... da aber nicht jeder so etwas aus dem Ärmel schütteln kann, überlegen Renata und ich noch ein bißchen, ob und wie man diese PSI-Kräfte in ein Regelsystem mit „Sprüchen“ und Erfolgschancen packen kann... sobald das ausgereift ist, stellen wir es zur Diskussion frei... (wahrscheinlich im Forum der Darkover-Con.de)</p>



<p><em>Ein letzter Punkt:</em> Wenn jemand eine Extraportion Plot möchte, soll er das sagen, dann kriegt er die auch! *bG*</p>



<p>Ganz liebe Grüße</p>



<p>Caillean n’ha Gwynn</p>



<h3 class="wp-block-heading">Berichte</h3>



<p>Leider sind keine Berichte erhalten geblieben oder überliefert, obwohl es ein toller Plot war.</p>



<p>Renn verlor in diesem Plot ihr Auge, dass von dem Katzenwesen namens Mii gefressen wurde.<br></p>

<p>Plot zur April Con 2005 Jagdgesellschaft bei Edric Storn Es herrscht wie immer ein geschäftiges Treiben auf dem Marktplatz Thendarasals sich ein junger Mann mit einigen lauten Rufen die Aufmerksamkeitseiner Umgebung sichert: “Hört mir einen Moment zu, vai Mestri!So wartet doch einen kleinen Moment, vai Dom, Ihr seht aus, als würde Euch mein Aufruf interessieren <a href="https://www.darkover-con.de/?page_id=2519" class="more-link">...weiterlesen<span class="screen-reader-text"> "2005 &#8211; Frühjahr"</span></a></p>
