{"id":2534,"date":"2019-04-22T15:02:23","date_gmt":"2019-04-22T14:02:23","guid":{"rendered":"http:\/\/www.darkover-con.de\/?page_id=2534"},"modified":"2019-04-22T15:02:23","modified_gmt":"2019-04-22T14:02:23","slug":"2009-fruehjahr","status":"publish","type":"page","link":"https:\/\/www.darkover-con.de\/?page_id=2534","title":{"rendered":"2009 &#8211; Fr\u00fchjahr"},"content":{"rendered":"\n<h3 class=\"wp-block-heading\">Plot zur April Con 2009<\/h3>\n\n\n\n<h4 class=\"wp-block-heading\">Die Expedition<\/h4>\n\n\n\n<p><strong>Der Plot (intime):<\/strong><\/p>\n\n\n\n<p>Einige von Euch wurden pers\u00f6nlich angesprochen, andere h\u00f6rten es auf dem Marktplatz von einem Herold:<\/p>\n\n\n\n<p>Joshua Acosta stellt eine Expedition zusammen.<\/p>\n\n\n\n<p>Zum Wall der Welt soll es gehen, um neue Kupfervorkommen zu erkunden. Denn wo sich Konflikte mit den Trockenst\u00e4dten, bzw. den Empork\u00f6mmlingen der Rhidenow von Serrais anbahnen , kann es davon nicht genug geben.<\/p>\n\n\n\n<p>Was auch immer eure Motivation dahinter war, ihr seid diesem Aufruf gefolgt und damit Teil der Expedition geworden, die bereits seit einiger Zeit unterwegs ist.<\/p>\n\n\n\n<p>Es ist schon seltsam, wie sich manchmal die St\u00e4nde verwischen, wenn Comyn und einfaches Volk zusammen durch unwegsames Gel\u00e4nde reisen und alle sich als Teil der Gruppe einbringen m\u00fcssen.<\/p>\n\n\n\n<p>Gerade als der letzte Schneesturm, laut Joshua Acosta f\u00fcr die Hellers nicht mehr als ein Schneegest\u00f6ber, euch f\u00fcr einige Zeit in einer Reiseh\u00fctte festgehalten hat, ist wohl auch dem Letzen klar geworden, dass hier in der Wildnis andere Regeln gelten. Und dass es f\u00fcr die Comyn unter euch wesentlich sicherer sein k\u00f6nnte, dem Wort eines niedrig geborenem Waldl\u00e4ufers unter den gegebenen Umst\u00e4nden Folge zu leisten.<\/p>\n\n\n\n<p>Ein anstrengende Tag neigt sich langsam seinem Ende.<br>Ihr verlasst euch auf das Wort eures Expeditionsleiters, dass es h\u00f6chstens noch 2 Wegstunden sind, bis ihr euer n\u00e4chstes Ziel, die Burg der Deslucidos erreicht.<br>Danach erwartet euch nur noch der Wall der Welt............<\/p>\n\n\n\n<p><strong>Der Plot (outtime):<\/strong><br>So ihr Lieben jetzt noch mal in Klartext.<\/p>\n\n\n\n<p>Dieser Plot richtet sich an alle Gesellschaftsschichten - vom Comyn bis zur Magd. Die einzige Vorraussetzung ist, dass der Chara bereit ist, sich auf andere einzulassen- auf die eine oder andere Art.<br>Zeitlich gesehen spielen wir ein halbes Jahr nach dem letzen Plot, wenn es uns auch auch eher Richtung Hellers verschl\u00e4gt.<br>Wie im IT Text angedeutet seid ihr schon eine Weile zusammen unterwegs, die Charakter werden sich unter einander kennen und zumindest halbwegs miteinander vertraut sein.<br>Wer uns lieber helfen will die Burg mit Bewohnern zu beleben der melde sich gleich mal bei uns ( gilt besonders f\u00fcr jene unter euch die Lust auf NSC haben- aber nicht nur..auch Spieler sind hier gerne gesehen, bekommen von uns einen differenzierten Hintergrund auf dem sie aufbauen k\u00f6nnen.)<\/p>\n\n\n\n<p>Geht bitte davon aus , dass wir das gesamte Gel\u00e4nde benutzen werden, passt eure Kleidung dem entsprechend an- lieber nicht 100% Ambiente daf\u00fcr warm und sicher!<br>Wir m\u00f6chten nach M\u00f6glichkeit das ganze Larp \u00fcber im Spiel (IT) bleiben- Musik am Abend ist da absolut nicht st\u00f6rend. Da wir aber keinen dazu zwingen wollen wird es da einen goldenen Mittelweg geben.<br>(zB die rote Lampe an einem Tisch, der diesen als OT markiert)<\/p>\n\n\n\n<p>Soviel erstmal von uns<br>Es freut sich auf euch und sch\u00f6nes Spiel<\/p>\n\n\n\n<p>Eure Plotplanung<br>Alana, Caillean &amp; Glanwen<\/p>\n\n\n\n<h3 class=\"wp-block-heading\">Berichte<\/h3>\n\n\n\n<p>Da 2\/3 der SL ausfielen, fand der Plot in einer sehr wir schm\u00e4leren und improvisierteren Version als geplant statt.<br><br>Berichte sind keine geschrieben worden oder sind nicht erhalten geblieben.<\/p>\n","protected":false},"excerpt":{"rendered":"<p>Plot zur April Con 2009 Die Expedition Der Plot (intime): Einige von Euch wurden pers\u00f6nlich angesprochen, andere h\u00f6rten es auf dem Marktplatz von einem Herold: Joshua Acosta stellt eine Expedition zusammen. Zum Wall der Welt soll es gehen, um neue Kupfervorkommen zu erkunden. Denn wo sich Konflikte mit den Trockenst\u00e4dten, bzw. den Empork\u00f6mmlingen der Rhidenow <a href=\"https:\/\/www.darkover-con.de\/?page_id=2534\" class=\"more-link\">...weiterlesen<span class=\"screen-reader-text\"> \"2009 &#8211; Fr\u00fchjahr\"<\/span><\/a><\/p>\n","protected":false},"author":4,"featured_media":0,"parent":1222,"menu_order":15,"comment_status":"closed","ping_status":"closed","template":"","meta":{"footnotes":""},"class_list":["post-2534","page","type-page","status-publish","h-entry","hentry","h-as-page"],"_links":{"self":[{"href":"https:\/\/www.darkover-con.de\/index.php?rest_route=\/wp\/v2\/pages\/2534","targetHints":{"allow":["GET"]}}],"collection":[{"href":"https:\/\/www.darkover-con.de\/index.php?rest_route=\/wp\/v2\/pages"}],"about":[{"href":"https:\/\/www.darkover-con.de\/index.php?rest_route=\/wp\/v2\/types\/page"}],"author":[{"embeddable":true,"href":"https:\/\/www.darkover-con.de\/index.php?rest_route=\/wp\/v2\/users\/4"}],"replies":[{"embeddable":true,"href":"https:\/\/www.darkover-con.de\/index.php?rest_route=%2Fwp%2Fv2%2Fcomments&post=2534"}],"version-history":[{"count":2,"href":"https:\/\/www.darkover-con.de\/index.php?rest_route=\/wp\/v2\/pages\/2534\/revisions"}],"predecessor-version":[{"id":2536,"href":"https:\/\/www.darkover-con.de\/index.php?rest_route=\/wp\/v2\/pages\/2534\/revisions\/2536"}],"up":[{"embeddable":true,"href":"https:\/\/www.darkover-con.de\/index.php?rest_route=\/wp\/v2\/pages\/1222"}],"wp:attachment":[{"href":"https:\/\/www.darkover-con.de\/index.php?rest_route=%2Fwp%2Fv2%2Fmedia&parent=2534"}],"curies":[{"name":"wp","href":"https:\/\/api.w.org\/{rel}","templated":true}]}}