{"id":2546,"date":"2019-04-22T15:19:21","date_gmt":"2019-04-22T14:19:21","guid":{"rendered":"http:\/\/www.darkover-con.de\/?page_id=2546"},"modified":"2019-04-22T15:19:21","modified_gmt":"2019-04-22T14:19:21","slug":"2011-herbst","status":"publish","type":"page","link":"https:\/\/www.darkover-con.de\/?page_id=2546","title":{"rendered":"2011 &#8211; Herbst"},"content":{"rendered":"\n<h3 class=\"wp-block-heading\">Plot zur Oktober Con 2011<\/h3>\n\n\n\n<p>Vai Comii, werte Familie, liebe Freunde.<\/p>\n\n\n\n<p>Seid uns willkommen zur feierlichen Namensgebung unseres<br>geliebten Enkels.<br>Anl\u00e4sslich seines zweiten Geburtstages am 22. Tag des<br>Erntemonds soll er mit einem neuen Namen in die<br>Gemeinschaft der Familie aufgenommen werden. Sein<br>Chierierbe sei f\u00fcrderhin irrelevant und vergessen.<br>Die Feierlichkeiten werden auf unserem Gut auf Acorn<br>High stattfinden. Selbstverst\u00e4ndlich seid Ihr geladen mit<br>Euren Angeh\u00f6rigen auch l\u00e4nger bei uns zu verweilen \u2013 f\u00fcr ein<br>wenig Kurzweyl soll gesorgt sein.<\/p>\n\n\n\n<p>Wir freuen uns auf Euren Besuch und verbleiben mit<br>respektvollen Gr\u00fc\u00dfen<br>Gregory Harryl<\/p>\n\n\n\n<p>_____________________________________________________________________<\/p>\n\n\n\n<p>Liebe Spielerinnen und Spieler!<\/p>\n\n\n\n<p>Das Leben auf Darkover ist f\u00fcr viele von Entbehrungen und harter Arbeit gepr\u00e4gt. Wie sch\u00f6n, wenn mal ein Anlass zu geselligem Beisammensein gegeben ist.<br>Viele erinnern sich noch an den rauschenden Fr\u00fchlingsball, zu dem K\u00f6nig Hastur \u2013 damals noch Lord Octavian \u2013 und seine Gattin eingeladen hatten.<br>Doch inzwischen ist ein gutes halbes Jahr ins Land gegangen, die Ernten sind eingefahren, die Sommerarbeiten sind abgeschlossen oder warten darauf, nach der Winterpause wieder aufgenommen zu werden. Die N\u00e4chte werden schon wieder lang und dunkel.<\/p>\n\n\n\n<p>Wie gut, wenn die Botenv\u00f6gel mal wieder angenehme Kunde bringen\u2026<\/p>\n\n\n\n<p>Wir spielen mit unserer Geschichte innerhalb der Kampagne, etwa ein halbes Jahr nach dem Ball. Ihr k\u00f6nnt also gern vorhandene Charaktere weiter nutzen oder neue basteln \u2013 die dann nat\u00fcrlich in irgendeiner freundschaftlichen, hierarchischen oder sonstwie gearteten Beziehung zu Gregory Harryl (dem Zwillingsbruder von Lord Eduin Harryl und engen Freund von Lord Mikhail di Asturien) stehen.<br>Gregory Harryl hat seine uneheliche Tochter und sein Enkelkind endlich anerkannt und l\u00e4dt nun zur Namensgebung des Kleinen. Dass das hohe Laranpotential des Kindes (der Vater war immerhin ein Chieri) seine Entscheidung beeinflusst haben k\u00f6nnte, streitet Gregory Harryl ab. Reine Menschlichkeit, Verantwortung und Bu\u00dfe f\u00fcr seine Jugends\u00fcnden h\u00e4tten ihn zu diesem Schritt bewogen. Der Lastentr\u00e4ger m\u00f6ge ihm gn\u00e4dig sein!<\/p>\n\n\n\n<p>M\u00f6glicherweise ist jedoch nicht jeder Gast derselben Meinung?<\/p>\n\n\n\n<p>Wir freuen uns auf Eure sch\u00f6nen und kreativen Ideen<\/p>\n\n\n\n<p>Eure Plotplanung<\/p>\n","protected":false},"excerpt":{"rendered":"<p>Plot zur Oktober Con 2011 Vai Comii, werte Familie, liebe Freunde. Seid uns willkommen zur feierlichen Namensgebung unseresgeliebten Enkels.Anl\u00e4sslich seines zweiten Geburtstages am 22. Tag desErntemonds soll er mit einem neuen Namen in dieGemeinschaft der Familie aufgenommen werden. SeinChierierbe sei f\u00fcrderhin irrelevant und vergessen.Die Feierlichkeiten werden auf unserem Gut auf AcornHigh stattfinden. Selbstverst\u00e4ndlich seid Ihr <a href=\"https:\/\/www.darkover-con.de\/?page_id=2546\" class=\"more-link\">...weiterlesen<span class=\"screen-reader-text\"> \"2011 &#8211; Herbst\"<\/span><\/a><\/p>\n","protected":false},"author":4,"featured_media":0,"parent":1222,"menu_order":20,"comment_status":"closed","ping_status":"closed","template":"","meta":{"footnotes":""},"class_list":["post-2546","page","type-page","status-publish","h-entry","hentry","h-as-page"],"_links":{"self":[{"href":"https:\/\/www.darkover-con.de\/index.php?rest_route=\/wp\/v2\/pages\/2546","targetHints":{"allow":["GET"]}}],"collection":[{"href":"https:\/\/www.darkover-con.de\/index.php?rest_route=\/wp\/v2\/pages"}],"about":[{"href":"https:\/\/www.darkover-con.de\/index.php?rest_route=\/wp\/v2\/types\/page"}],"author":[{"embeddable":true,"href":"https:\/\/www.darkover-con.de\/index.php?rest_route=\/wp\/v2\/users\/4"}],"replies":[{"embeddable":true,"href":"https:\/\/www.darkover-con.de\/index.php?rest_route=%2Fwp%2Fv2%2Fcomments&post=2546"}],"version-history":[{"count":1,"href":"https:\/\/www.darkover-con.de\/index.php?rest_route=\/wp\/v2\/pages\/2546\/revisions"}],"predecessor-version":[{"id":2547,"href":"https:\/\/www.darkover-con.de\/index.php?rest_route=\/wp\/v2\/pages\/2546\/revisions\/2547"}],"up":[{"embeddable":true,"href":"https:\/\/www.darkover-con.de\/index.php?rest_route=\/wp\/v2\/pages\/1222"}],"wp:attachment":[{"href":"https:\/\/www.darkover-con.de\/index.php?rest_route=%2Fwp%2Fv2%2Fmedia&parent=2546"}],"curies":[{"name":"wp","href":"https:\/\/api.w.org\/{rel}","templated":true}]}}