{"id":2565,"date":"2019-04-22T15:50:05","date_gmt":"2019-04-22T14:50:05","guid":{"rendered":"http:\/\/www.darkover-con.de\/?page_id=2565"},"modified":"2019-04-22T16:26:04","modified_gmt":"2019-04-22T15:26:04","slug":"2015-fruehjahr","status":"publish","type":"page","link":"https:\/\/www.darkover-con.de\/?page_id=2565","title":{"rendered":"2015 &#8211; Fr\u00fchjahr"},"content":{"rendered":"\n<h3 class=\"wp-block-heading\">Plot zur M\u00e4rz Con 2015<\/h3>\n\n\n\n<h4 class=\"wp-block-heading\">2. Anlauf f\u00fcr den Ausbildungsplot in Hestral<\/h4>\n\n\n\n<p><strong>IT Einladung:<\/strong><\/p>\n\n\n\n<p>Aushang am \u201eSchwarzen Brett\" des Turmes von Tramontana<\/p>\n\n\n\n<p>Kolloquium<\/p>\n\n\n\n<p>Am fr\u00fchen Abend des 24. Tages im 8. Monat findet nach dem Abendessen im gro\u00dfen Versammlungssaal unser diesj\u00e4hriges Herbstkolloquium statt. Die Teilnahme ist f\u00fcr alle Turmbewohner verpflichtend.<\/p>\n\n\n\n<p>Tagesordnung<\/p>\n\n\n\n<p>Er\u00f6ffnung des Kolloquiums<\/p>\n\n\n\n<p>Vortrag 1 - Wie verhalte ich mich au\u00dferhalb des Turms und wie vertrete ich die telepathische Kaste nach au\u00dfen<\/p>\n\n\n\n<p>Vortrag 2 - Thema (z.B. Botenv\u00f6gel)<\/p>\n\n\n\n<p>Vortrag 3 - Die Nutzung verschiedener anorganischer und organischer Substanzen zur Verst\u00e4rkung der Relaisarbeit (Fredrick Alton)<\/p>\n\n\n\n<p>Offener Austausch<\/p>\n\n\n\n<p>Interessierte, welche zu einem der genannten Themen einen Vortrag halten m\u00f6chten, m\u00f6gen sich bei Seamus von Tramontana melden. Weitere Themenvorschl\u00e4ge k\u00f6nnen ebenfalls eingereicht werden.<\/p>\n\n\n\n<p>Seamus von Tramontana - Fredrick Alton - Rodrigo Elhalyn<\/p>\n\n\n\n<p>Bewahrer 1. Kreis - Bewahrer 2. Kreis - Bewahrer 3. Kreis<\/p>\n\n\n\n<p><strong>OT-Einladung<\/strong><\/p>\n\n\n\n<p>Diese Einladung richtet sich an alle Bewohner des Turmes von Tramontana. Euer Charakter sollte also bereits seit einiger Zeit im Turm sein bzw. als Novize vor kurzem angekommen sein.<\/p>\n\n\n\n<p>Insgesamt werden folgende R\u00e4nge ben\u00f6tigt:<\/p>\n\n\n\n<p>Techniker<\/p>\n\n\n\n<p>Mechaniker<\/p>\n\n\n\n<p>\u00dcberwacher<\/p>\n\n\n\n<p>Novizen (alle anderen)<\/p>\n\n\n\n<p>Die R\u00e4nge werden absteigend in der Reihenfolge des Eingangs der Chara-B\u00f6gen vergeben. Solltet ihr jedoch ausschlie\u00dflich einen Novizen spielen wollen, bitte unbedingt angeben.<\/p>\n\n\n\n<p>Das Kolloquium am Freitag ist als Einstimmung in das Turmleben gedacht. Nach den Vortr\u00e4gen treffen sich die Turmbewohner im Aufenthaltsraum des Turms und verbringen den Abend mit Plaudern, Austausch von Klatsch und Tratsch, Neuigkeiten aus den Familien, Handarbeiten oder Musizieren - ganz normale Turmfreizeit also.<\/p>\n\n\n\n<p>Am Samstag steht dann die Turmarbeit an - aber keine Sorge, es wird keine Langeweile aufkommen - wir haben einige Leckerbissen f\u00fcr Euch bereit!<\/p>\n","protected":false},"excerpt":{"rendered":"<p>Plot zur M\u00e4rz Con 2015 2. Anlauf f\u00fcr den Ausbildungsplot in Hestral IT Einladung: Aushang am \u201eSchwarzen Brett\" des Turmes von Tramontana Kolloquium Am fr\u00fchen Abend des 24. Tages im 8. Monat findet nach dem Abendessen im gro\u00dfen Versammlungssaal unser diesj\u00e4hriges Herbstkolloquium statt. Die Teilnahme ist f\u00fcr alle Turmbewohner verpflichtend. Tagesordnung Er\u00f6ffnung des Kolloquiums Vortrag <a href=\"https:\/\/www.darkover-con.de\/?page_id=2565\" class=\"more-link\">...weiterlesen<span class=\"screen-reader-text\"> \"2015 &#8211; Fr\u00fchjahr\"<\/span><\/a><\/p>\n","protected":false},"author":4,"featured_media":0,"parent":1222,"menu_order":26,"comment_status":"closed","ping_status":"closed","template":"","meta":{"footnotes":""},"class_list":["post-2565","page","type-page","status-publish","h-entry","hentry","h-as-page"],"_links":{"self":[{"href":"https:\/\/www.darkover-con.de\/index.php?rest_route=\/wp\/v2\/pages\/2565","targetHints":{"allow":["GET"]}}],"collection":[{"href":"https:\/\/www.darkover-con.de\/index.php?rest_route=\/wp\/v2\/pages"}],"about":[{"href":"https:\/\/www.darkover-con.de\/index.php?rest_route=\/wp\/v2\/types\/page"}],"author":[{"embeddable":true,"href":"https:\/\/www.darkover-con.de\/index.php?rest_route=\/wp\/v2\/users\/4"}],"replies":[{"embeddable":true,"href":"https:\/\/www.darkover-con.de\/index.php?rest_route=%2Fwp%2Fv2%2Fcomments&post=2565"}],"version-history":[{"count":1,"href":"https:\/\/www.darkover-con.de\/index.php?rest_route=\/wp\/v2\/pages\/2565\/revisions"}],"predecessor-version":[{"id":2566,"href":"https:\/\/www.darkover-con.de\/index.php?rest_route=\/wp\/v2\/pages\/2565\/revisions\/2566"}],"up":[{"embeddable":true,"href":"https:\/\/www.darkover-con.de\/index.php?rest_route=\/wp\/v2\/pages\/1222"}],"wp:attachment":[{"href":"https:\/\/www.darkover-con.de\/index.php?rest_route=%2Fwp%2Fv2%2Fmedia&parent=2565"}],"curies":[{"name":"wp","href":"https:\/\/api.w.org\/{rel}","templated":true}]}}

2015 &#8211; Frühjahr

<h3 class="wp-block-heading">Plot zur März Con 2015</h3>



<h4 class="wp-block-heading">2. Anlauf für den Ausbildungsplot in Hestral</h4>



<p><strong>IT Einladung:</strong></p>



<p>Aushang am „Schwarzen Brett" des Turmes von Tramontana</p>



<p>Kolloquium</p>



<p>Am frühen Abend des 24. Tages im 8. Monat findet nach dem Abendessen im großen Versammlungssaal unser diesjähriges Herbstkolloquium statt. Die Teilnahme ist für alle Turmbewohner verpflichtend.</p>



<p>Tagesordnung</p>



<p>Eröffnung des Kolloquiums</p>



<p>Vortrag 1 - Wie verhalte ich mich außerhalb des Turms und wie vertrete ich die telepathische Kaste nach außen</p>



<p>Vortrag 2 - Thema (z.B. Botenvögel)</p>



<p>Vortrag 3 - Die Nutzung verschiedener anorganischer und organischer Substanzen zur Verstärkung der Relaisarbeit (Fredrick Alton)</p>



<p>Offener Austausch</p>



<p>Interessierte, welche zu einem der genannten Themen einen Vortrag halten möchten, mögen sich bei Seamus von Tramontana melden. Weitere Themenvorschläge können ebenfalls eingereicht werden.</p>



<p>Seamus von Tramontana - Fredrick Alton - Rodrigo Elhalyn</p>



<p>Bewahrer 1. Kreis - Bewahrer 2. Kreis - Bewahrer 3. Kreis</p>



<p><strong>OT-Einladung</strong></p>



<p>Diese Einladung richtet sich an alle Bewohner des Turmes von Tramontana. Euer Charakter sollte also bereits seit einiger Zeit im Turm sein bzw. als Novize vor kurzem angekommen sein.</p>



<p>Insgesamt werden folgende Ränge benötigt:</p>



<p>Techniker</p>



<p>Mechaniker</p>



<p>Überwacher</p>



<p>Novizen (alle anderen)</p>



<p>Die Ränge werden absteigend in der Reihenfolge des Eingangs der Chara-Bögen vergeben. Solltet ihr jedoch ausschließlich einen Novizen spielen wollen, bitte unbedingt angeben.</p>



<p>Das Kolloquium am Freitag ist als Einstimmung in das Turmleben gedacht. Nach den Vorträgen treffen sich die Turmbewohner im Aufenthaltsraum des Turms und verbringen den Abend mit Plaudern, Austausch von Klatsch und Tratsch, Neuigkeiten aus den Familien, Handarbeiten oder Musizieren - ganz normale Turmfreizeit also.</p>



<p>Am Samstag steht dann die Turmarbeit an - aber keine Sorge, es wird keine Langeweile aufkommen - wir haben einige Leckerbissen für Euch bereit!</p>

<p>Plot zur März Con 2015 2. Anlauf für den Ausbildungsplot in Hestral IT Einladung: Aushang am „Schwarzen Brett" des Turmes von Tramontana Kolloquium Am frühen Abend des 24. Tages im 8. Monat findet nach dem Abendessen im großen Versammlungssaal unser diesjähriges Herbstkolloquium statt. Die Teilnahme ist für alle Turmbewohner verpflichtend. Tagesordnung Eröffnung des Kolloquiums Vortrag <a href="https://www.darkover-con.de/?page_id=2565" class="more-link">...weiterlesen<span class="screen-reader-text"> "2015 &#8211; Frühjahr"</span></a></p>
