{"id":2714,"date":"2019-07-28T12:39:47","date_gmt":"2019-07-28T11:39:47","guid":{"rendered":"http:\/\/www.darkover-con.de\/?page_id=2714"},"modified":"2019-07-28T13:19:05","modified_gmt":"2019-07-28T12:19:05","slug":"laran-was-macht-man-damit","status":"publish","type":"page","link":"https:\/\/www.darkover-con.de\/?page_id=2714","title":{"rendered":"Laran &#8211; was macht man damit?"},"content":{"rendered":"\n<p>F\u00fcr einen Comyn ist Laran\nwie ein zus\u00e4tzlicher Sinn, mit dem er vieles wahrnimmt.<\/p>\n\n\n\n<p>Im Zeitalter des Chaos ist unter den Comyn Laran etwas Allgegenw\u00e4rtiges. Es wird in vielen Situationen angewendet und genutzt. <\/p>\n\n\n\n<div class=\"wp-block-image\"><figure class=\"alignright is-resized\"><img loading=\"lazy\" decoding=\"async\" src=\"https:\/\/www.darkover-con.de\/wp-content\/uploads\/2018\/12\/MG_0063.jpg\" alt=\"\" class=\"wp-image-2150\" width=\"160\" height=\"107\" srcset=\"https:\/\/www.darkover-con.de\/wp-content\/uploads\/2018\/12\/MG_0063.jpg 640w, https:\/\/www.darkover-con.de\/wp-content\/uploads\/2018\/12\/MG_0063-300x200.jpg 300w\" sizes=\"auto, (max-width: 160px) 100vw, 160px\" \/><\/figure><\/div>\n\n\n\n<p>Um diese F\u00e4higkeiten anzuwenden ben\u00f6tigt der Laranbegabte eine Matrix,  welche sein Laran fokusiert und verst\u00e4rkt. Einzig ein Hastur mit der  Hastur-Gabe ben\u00f6tigt keine Matrix um Laran anzuwenden. <\/p>\n\n\n\n<p>Doch wo und wie findet es\nAnwendung?<\/p>\n\n\n\n<p>Wozu ist eine einzelne\nPerson mit geschultem Laran f\u00e4hig?<\/p>\n\n\n\n<ul class=\"wp-block-list\"><li>Telepathie \/ Rapport<\/li><li>Telekinese<\/li><li>Leichte Empathie<\/li><li>Pyrokinese (Feuer \/ Kerzen entz\u00fcnden)<\/li><li>Erschaffung eines \u201eWehrlichtes\u201c<\/li><li>Wahrheitszauber<\/li><li>\u00dcberwachen \/ Heilen<\/li><li>Astralwanderung \/ Oberwelt<\/li><li>Gesicht (nur bei bestimmten Personen)<\/li><li>Stimme<\/li><\/ul>\n\n\n\n<p>Diese F\u00e4higkeiten m\u00fcssen erlernt und trainiert werden und sind nicht instinktiv anwendbar. <\/p>\n\n\n\n<p>Manche Arbeiten oder Anwendungen erfordern mehr Energie. Deshalb wird in den T\u00fcrmen mit Kreisen als Zusammenschluss mehrerer Laranbegabter gearbeitet, in welchen die Energie von einem Bewahrer geb\u00fcndelt und kanalisiert wird.<\/p>\n\n\n\n<div class=\"wp-block-image\"><figure class=\"aligncenter is-resized\"><img loading=\"lazy\" decoding=\"async\" src=\"https:\/\/www.darkover-con.de\/wp-content\/uploads\/2019\/04\/Darkover_Con_Header_019_Anj.jpg\" alt=\"\" class=\"wp-image-2359\" width=\"480\" height=\"100\" srcset=\"https:\/\/www.darkover-con.de\/wp-content\/uploads\/2019\/04\/Darkover_Con_Header_019_Anj.jpg 960w, https:\/\/www.darkover-con.de\/wp-content\/uploads\/2019\/04\/Darkover_Con_Header_019_Anj-300x63.jpg 300w, https:\/\/www.darkover-con.de\/wp-content\/uploads\/2019\/04\/Darkover_Con_Header_019_Anj-768x160.jpg 768w\" sizes=\"auto, (max-width: 480px) 100vw, 480px\" \/><\/figure><\/div>\n\n\n\n<p>In Kreisen finden\nfolgenden Arbeiten Anwendung.<\/p>\n\n\n\n<ul class=\"wp-block-list\"><li>Energiespeicherung \/ Aufladung von Batterien<\/li><li>Heilung<\/li><li>Chemische Prozesse unter kontrollierten Bedingungen<ul><li>Herstellung von Laranwaffen<\/li><\/ul><ul><li>Brandbek\u00e4mpfungsmittel<\/li><\/ul><\/li><li>Wetterbeeinflussung<\/li><li>Erschaffung von Illusionen<\/li><li>Analyse von Signaturen<\/li><li>Arbeiten auf molekularer Ebene<ul><li>Biokinese (Beeinflussung der DNA)<\/li><\/ul><\/li><li>Teleportation<\/li><li>Oberwelt, z.B. zur Personenfindung<\/li><li>Telekinese, z.B. f\u00fcr<ul><li>Bergbau<\/li><\/ul><ul><li>Erzabbau<\/li><\/ul><ul><li>Stra\u00dfenbau<\/li><\/ul><ul><li>H\u00e4userbau<\/li><\/ul><\/li><\/ul>\n\n\n\n<p>Als Hilfsmittel werden\nu.a. eingesetzt:<\/p>\n\n\n\n<ul class=\"wp-block-list\"><li>Relais zur Kommunikation mit anderen T\u00fcrmen \/ Relais \u00fcber gro\u00dfe\nEntfernungen<\/li><li>Matrix-Gitter zur Verst\u00e4rkung und B\u00fcndelung der Energie im Kreis<\/li><li>Batterien, zur Aufnahme und Speicherung der Energie<\/li><\/ul>\n\n\n\n<p>Batterien werden z.B. &nbsp;eingesetzt <\/p>\n\n\n\n<ul class=\"wp-block-list\"><li>f\u00fcr den Antrieb von Generatoren um Burgen zu erleuchten<\/li><li>Luftwagen anzutreiben<\/li><li>Zur W\u00e4rmeerzeugung<\/li><\/ul>\n\n\n\n<p>Im Laufe der Zeit\nentwickelten sich in den Comyn-Familien bestimmte Laran-F\u00e4higkeiten, die\nsogenannten Donas. Im Zeitalter des Chaos entstand aus dem Wunsch, diese Gaben\nzu verst\u00e4rken und \u2013 meist zu kriegerischen Zwecken \u2013 einzusetzen das\nZuchtprogramm, in welchem durch gezielte \"Paarung\" von Gaben dieses\nZiel erreicht werden sollte. <\/p>\n","protected":false},"excerpt":{"rendered":"<p>F\u00fcr einen Comyn ist Laran wie ein zus\u00e4tzlicher Sinn, mit dem er vieles wahrnimmt. Im Zeitalter des Chaos ist unter den Comyn Laran etwas Allgegenw\u00e4rtiges. Es wird in vielen Situationen angewendet und genutzt. Um diese F\u00e4higkeiten anzuwenden ben\u00f6tigt der Laranbegabte eine Matrix, welche sein Laran fokusiert und verst\u00e4rkt. Einzig ein Hastur mit der Hastur-Gabe ben\u00f6tigt <a href=\"https:\/\/www.darkover-con.de\/?page_id=2714\" class=\"more-link\">...weiterlesen<span class=\"screen-reader-text\"> \"Laran &#8211; was macht man damit?\"<\/span><\/a><\/p>\n","protected":false},"author":4,"featured_media":0,"parent":2272,"menu_order":0,"comment_status":"closed","ping_status":"closed","template":"","meta":{"footnotes":""},"class_list":["post-2714","page","type-page","status-publish","h-entry","hentry","h-as-page"],"_links":{"self":[{"href":"https:\/\/www.darkover-con.de\/index.php?rest_route=\/wp\/v2\/pages\/2714","targetHints":{"allow":["GET"]}}],"collection":[{"href":"https:\/\/www.darkover-con.de\/index.php?rest_route=\/wp\/v2\/pages"}],"about":[{"href":"https:\/\/www.darkover-con.de\/index.php?rest_route=\/wp\/v2\/types\/page"}],"author":[{"embeddable":true,"href":"https:\/\/www.darkover-con.de\/index.php?rest_route=\/wp\/v2\/users\/4"}],"replies":[{"embeddable":true,"href":"https:\/\/www.darkover-con.de\/index.php?rest_route=%2Fwp%2Fv2%2Fcomments&post=2714"}],"version-history":[{"count":4,"href":"https:\/\/www.darkover-con.de\/index.php?rest_route=\/wp\/v2\/pages\/2714\/revisions"}],"predecessor-version":[{"id":2728,"href":"https:\/\/www.darkover-con.de\/index.php?rest_route=\/wp\/v2\/pages\/2714\/revisions\/2728"}],"up":[{"embeddable":true,"href":"https:\/\/www.darkover-con.de\/index.php?rest_route=\/wp\/v2\/pages\/2272"}],"wp:attachment":[{"href":"https:\/\/www.darkover-con.de\/index.php?rest_route=%2Fwp%2Fv2%2Fmedia&parent=2714"}],"curies":[{"name":"wp","href":"https:\/\/api.w.org\/{rel}","templated":true}]}}