{"id":2783,"date":"2019-12-16T18:28:28","date_gmt":"2019-12-16T17:28:28","guid":{"rendered":"http:\/\/www.darkover-con.de\/?page_id=2783"},"modified":"2019-12-16T18:31:29","modified_gmt":"2019-12-16T17:31:29","slug":"2019-herbst","status":"publish","type":"page","link":"https:\/\/www.darkover-con.de\/?page_id=2783","title":{"rendered":"2019 &#8211; Herbst"},"content":{"rendered":"\n<h4 class=\"wp-block-heading\">Plotausschreibung<\/h4>\n\n\n\n<blockquote class=\"wp-block-quote is-layout-flow wp-block-quote-is-layout-flow\"><p> \u201cEs begab sich aber zu der Zeit, dass ein Gebot von dem K\u00f6nig Darius Hastur ausging, dass alle Welt gesch\u00e4tzt w\u00fcrde. Und diese Sch\u00e4tzung war die allererste und geschah zu der Zeit, da Joric auf Aldaran herrschte\u2026Und jedermann ging, dass er sich sch\u00e4tzen lie\u00dfe, ein jeglicher in seine Stadt\u2026.\u201d<\/p><\/blockquote>\n\n\n\n<p>So war es beabsichtigt. Harmlos, nannte der Hastur das Vorhaben. Doch gab es auch vermehrt solche, die sich nicht sch\u00e4tzen lassen wollten und die das Gebot des Hastur schlicht ablehnten und dagegen rebellierten. <br>\u201cNicht mein K\u00f6nig\u201d h\u00f6rte man immer \u00f6fter in den Gassen der D\u00f6rfer und gr\u00f6\u00dferen Ansiedlungen. Mehrheitlich stammten diese Protestanten aus den L\u00e4ndereien, die jenseits der Kilghards lagen. <em>Hellersstolz <\/em>nannte man das. Viele Comyn verboten ihren Untertanen sich an den Meldestellen einzufinden.<\/p>\n\n\n\n<p>Hastur drohte. Mit Handelsblockaden und zus\u00e4tzlichen Z\u00f6llen. Er wollte seinen Willen durchsetzen und es war ihm egal welche hart verhandelten Vereinbarungen er daf\u00fcr aufk\u00fcndigen musste.<br>Doch war all dies nur Narretei, denn eigentlich hatte der Hastur es auf den viel zu m\u00e4chtig gewordenen Aldaran abgesehen. Wie eine fette Spinne sa\u00df dieser in seiner Burg inmitten der Hellers. Ein m\u00e4chtiger Feind, der immer schwerer einzusch\u00e4tzen war und der sich - nach Hasturs Meinung - nicht an Vertr\u00e4ge hielt und heimlich B\u00fcndnisse mit anderen schloss. Alles zu Hasturs Nachteil.<\/p>\n\n\n\n<p>Deshalb die Sch\u00e4tzung, das Gebot, die Drohgeb\u00e4rden. <br>\n<img decoding=\"async\" src=\"https:\/\/www.darkover-con.de\/medien\/bilder\/ambi\/Da-Co-AmbiLARP_02.jpg\" alt=\"Wald\" align=\"right\">\nUm ihn herauszufordern und alle, die dort lebten. Doch kaum einer in den Hellers hatte ein Interesse daran, dass der Hastur erfuhr wie viele sich im Falle eines Krieges tats\u00e4chlich gegen ihn wenden w\u00fcrden\u2026 <br>Ob Vasall des Aldaran oder nicht. Die meisten nahmen die Strafen in Kauf und verliessen sich auf ihre Herren. Sie w\u00fcrden schon wissen, was zu tun sei. <br>Und die Herren? Sie wollten sich von einem Tiefl\u00e4nder nichts befehlen lassen, was gegen ihre Ehre ging. Sollte er ihnen doch drohen. Die letzten Sommer waren gut gewesen. Warm und sonnig. Die Silos und Lager waren voll von Getreide und Fleisch. In den Bergfl\u00fcssen tummelte sich so viel Fisch wie schon lange nicht mehr. <br>Was kam schon anderes aus den Tieflanden als Luxusg\u00fcter wie Stoff und Schmuck? Tand, den keiner zum \u00dcberleben brauchte.<\/p>\n\n\n\n<hr class=\"wp-block-separator\"\/>\n\n\n\n<p>Zwischendurch OT Infos zum Plot, damit ihr euch auf das einstellen k\u00f6nnt, was kommen wird:<\/p>\n\n\n\n<p> Es wird Krieg herrschen. <br> Hauptakteure: Hastur gegen Aldaran.<br> Im Nachgang nat\u00fcrlich ein Rattenschwanz an Verb\u00fcndeten und Vasallen.<\/p>\n\n\n\n<p>Wir werden den Krieg nicht live ausspielen. Aber er ist da. In unseren K\u00f6pfen. Und er wird unser Handeln bestimmen.<\/p>\n\n\n\n<p><img decoding=\"async\" src=\"https:\/\/www.darkover-con.de\/medien\/bilder\/ambi\/Da-Co-AmbiLARP_01.jpg\" alt=\"Haus\" align=\"right\">\nUnser Ziel ist eine Herberge in den Kilghards. <\/p>\n\n\n\n<p>Ihr ben\u00f6tigt keine komplizierte Begr\u00fcndung, warum ihr da sein solltet. Ihr werdet da sein, seid unbek\u00fcmmert.<\/p>\n\n\n\n<p> Ansonsten viel Spa\u00df. In den kommenden Tagen werdet ihr weitere Infos zum Setting erhalten.<\/p>\n\n\n\n<p> Eure Plotplanung <\/p>\n","protected":false},"excerpt":{"rendered":"<p>Plotausschreibung \u201cEs begab sich aber zu der Zeit, dass ein Gebot von dem K\u00f6nig Darius Hastur ausging, dass alle Welt gesch\u00e4tzt w\u00fcrde. Und diese Sch\u00e4tzung war die allererste und geschah zu der Zeit, da Joric auf Aldaran herrschte\u2026Und jedermann ging, dass er sich sch\u00e4tzen lie\u00dfe, ein jeglicher in seine Stadt\u2026.\u201d So war es beabsichtigt. Harmlos, <a href=\"https:\/\/www.darkover-con.de\/?page_id=2783\" class=\"more-link\">...weiterlesen<span class=\"screen-reader-text\"> \"2019 &#8211; Herbst\"<\/span><\/a><\/p>\n","protected":false},"author":4,"featured_media":0,"parent":1222,"menu_order":36,"comment_status":"closed","ping_status":"closed","template":"","meta":{"footnotes":""},"class_list":["post-2783","page","type-page","status-publish","h-entry","hentry","h-as-page"],"_links":{"self":[{"href":"https:\/\/www.darkover-con.de\/index.php?rest_route=\/wp\/v2\/pages\/2783","targetHints":{"allow":["GET"]}}],"collection":[{"href":"https:\/\/www.darkover-con.de\/index.php?rest_route=\/wp\/v2\/pages"}],"about":[{"href":"https:\/\/www.darkover-con.de\/index.php?rest_route=\/wp\/v2\/types\/page"}],"author":[{"embeddable":true,"href":"https:\/\/www.darkover-con.de\/index.php?rest_route=\/wp\/v2\/users\/4"}],"replies":[{"embeddable":true,"href":"https:\/\/www.darkover-con.de\/index.php?rest_route=%2Fwp%2Fv2%2Fcomments&post=2783"}],"version-history":[{"count":2,"href":"https:\/\/www.darkover-con.de\/index.php?rest_route=\/wp\/v2\/pages\/2783\/revisions"}],"predecessor-version":[{"id":2786,"href":"https:\/\/www.darkover-con.de\/index.php?rest_route=\/wp\/v2\/pages\/2783\/revisions\/2786"}],"up":[{"embeddable":true,"href":"https:\/\/www.darkover-con.de\/index.php?rest_route=\/wp\/v2\/pages\/1222"}],"wp:attachment":[{"href":"https:\/\/www.darkover-con.de\/index.php?rest_route=%2Fwp%2Fv2%2Fmedia&parent=2783"}],"curies":[{"name":"wp","href":"https:\/\/api.w.org\/{rel}","templated":true}]}}

<h4 class="wp-block-heading">Plotausschreibung</h4>



<blockquote class="wp-block-quote is-layout-flow wp-block-quote-is-layout-flow"><p> “Es begab sich aber zu der Zeit, dass ein Gebot von dem König Darius Hastur ausging, dass alle Welt geschätzt würde. Und diese Schätzung war die allererste und geschah zu der Zeit, da Joric auf Aldaran herrschte…Und jedermann ging, dass er sich schätzen ließe, ein jeglicher in seine Stadt….”</p></blockquote>



<p>So war es beabsichtigt. Harmlos, nannte der Hastur das Vorhaben. Doch gab es auch vermehrt solche, die sich nicht schätzen lassen wollten und die das Gebot des Hastur schlicht ablehnten und dagegen rebellierten. <br>“Nicht mein König” hörte man immer öfter in den Gassen der Dörfer und größeren Ansiedlungen. Mehrheitlich stammten diese Protestanten aus den Ländereien, die jenseits der Kilghards lagen. <em>Hellersstolz </em>nannte man das. Viele Comyn verboten ihren Untertanen sich an den Meldestellen einzufinden.</p>



<p>Hastur drohte. Mit Handelsblockaden und zusätzlichen Zöllen. Er wollte seinen Willen durchsetzen und es war ihm egal welche hart verhandelten Vereinbarungen er dafür aufkündigen musste.<br>Doch war all dies nur Narretei, denn eigentlich hatte der Hastur es auf den viel zu mächtig gewordenen Aldaran abgesehen. Wie eine fette Spinne saß dieser in seiner Burg inmitten der Hellers. Ein mächtiger Feind, der immer schwerer einzuschätzen war und der sich - nach Hasturs Meinung - nicht an Verträge hielt und heimlich Bündnisse mit anderen schloss. Alles zu Hasturs Nachteil.</p>



<p>Deshalb die Schätzung, das Gebot, die Drohgebärden. <br>
<img decoding="async" src="https://www.darkover-con.de/medien/bilder/ambi/Da-Co-AmbiLARP_02.jpg" alt="Wald" align="right">
Um ihn herauszufordern und alle, die dort lebten. Doch kaum einer in den Hellers hatte ein Interesse daran, dass der Hastur erfuhr wie viele sich im Falle eines Krieges tatsächlich gegen ihn wenden würden… <br>Ob Vasall des Aldaran oder nicht. Die meisten nahmen die Strafen in Kauf und verliessen sich auf ihre Herren. Sie würden schon wissen, was zu tun sei. <br>Und die Herren? Sie wollten sich von einem Tiefländer nichts befehlen lassen, was gegen ihre Ehre ging. Sollte er ihnen doch drohen. Die letzten Sommer waren gut gewesen. Warm und sonnig. Die Silos und Lager waren voll von Getreide und Fleisch. In den Bergflüssen tummelte sich so viel Fisch wie schon lange nicht mehr. <br>Was kam schon anderes aus den Tieflanden als Luxusgüter wie Stoff und Schmuck? Tand, den keiner zum Überleben brauchte.</p>



<hr class="wp-block-separator"/>



<p>Zwischendurch OT Infos zum Plot, damit ihr euch auf das einstellen könnt, was kommen wird:</p>



<p> Es wird Krieg herrschen. <br> Hauptakteure: Hastur gegen Aldaran.<br> Im Nachgang natürlich ein Rattenschwanz an Verbündeten und Vasallen.</p>



<p>Wir werden den Krieg nicht live ausspielen. Aber er ist da. In unseren Köpfen. Und er wird unser Handeln bestimmen.</p>



<p><img decoding="async" src="https://www.darkover-con.de/medien/bilder/ambi/Da-Co-AmbiLARP_01.jpg" alt="Haus" align="right">
Unser Ziel ist eine Herberge in den Kilghards. </p>



<p>Ihr benötigt keine komplizierte Begründung, warum ihr da sein solltet. Ihr werdet da sein, seid unbekümmert.</p>



<p> Ansonsten viel Spaß. In den kommenden Tagen werdet ihr weitere Infos zum Setting erhalten.</p>



<p> Eure Plotplanung </p>

<p>Plotausschreibung “Es begab sich aber zu der Zeit, dass ein Gebot von dem König Darius Hastur ausging, dass alle Welt geschätzt würde. Und diese Schätzung war die allererste und geschah zu der Zeit, da Joric auf Aldaran herrschte…Und jedermann ging, dass er sich schätzen ließe, ein jeglicher in seine Stadt….” So war es beabsichtigt. Harmlos, <a href="https://www.darkover-con.de/?page_id=2783" class="more-link">...weiterlesen<span class="screen-reader-text"> "2019 &#8211; Herbst"</span></a></p>
