{"id":29,"date":"2009-02-01T22:00:46","date_gmt":"2009-02-01T21:00:46","guid":{"rendered":"http:\/\/www.darkover-con.de\/wordpress\/wordpress\/?page_id=29"},"modified":"2025-11-16T13:22:03","modified_gmt":"2025-11-16T12:22:03","slug":"conventions","status":"publish","type":"page","link":"https:\/\/www.darkover-con.de\/?page_id=29","title":{"rendered":"Conventions"},"content":{"rendered":"<div class=\"wp-block-image\">\n<figure class=\"alignright size-large is-resized\"><img loading=\"lazy\" decoding=\"async\" width=\"683\" height=\"1024\" src=\"https:\/\/www.darkover-con.de\/wp-content\/uploads\/2020\/03\/19-07-19WZ-4-683x1024.jpg\" alt=\"W\u00fclmersen - Haus 1\" class=\"wp-image-2855\" style=\"width:205px;height:auto\" srcset=\"https:\/\/www.darkover-con.de\/wp-content\/uploads\/2020\/03\/19-07-19WZ-4-683x1024.jpg 683w, https:\/\/www.darkover-con.de\/wp-content\/uploads\/2020\/03\/19-07-19WZ-4-200x300.jpg 200w, https:\/\/www.darkover-con.de\/wp-content\/uploads\/2020\/03\/19-07-19WZ-4-768x1152.jpg 768w, https:\/\/www.darkover-con.de\/wp-content\/uploads\/2020\/03\/19-07-19WZ-4-1024x1536.jpg 1024w, https:\/\/www.darkover-con.de\/wp-content\/uploads\/2020\/03\/19-07-19WZ-4-1365x2048.jpg 1365w, https:\/\/www.darkover-con.de\/wp-content\/uploads\/2020\/03\/19-07-19WZ-4-960x1440.jpg 960w, https:\/\/www.darkover-con.de\/wp-content\/uploads\/2020\/03\/19-07-19WZ-4-scaled.jpg 1707w\" sizes=\"auto, (max-width: 683px) 100vw, 683px\" \/><\/figure><\/div>\n\n\n<p>Ben Dia,<\/p>\n\n\n\n<p>Vom 12. - 15.03.2026 l\u00e4dt der Darkover Convention e.V. zur 44. Darkover-Con im Wasserschloss W\u00fclmersen (Gruppenhaus 1) ein.<br>Wir freuen uns darauf, euch wieder zu sehen, oder auch neu in unserer Runde begr\u00fc\u00dfen zu d\u00fcrfen.<\/p>\n\n\n\n<p><strong>Was erwartet euch auf der Darkover-Con?<\/strong><\/p>\n\n\n\n<p>Ein geselliges Treffen von Darkover-Fans, die Spa\u00df daran haben vier Tage lang Gewandung zu tragen, in einem kleinen Plot zu spielen, sich zu unterhalten, zu musizieren, zu handarbeiten, abwechselnd in der K\u00fcche zu werkeln, mit anzupacken und das Beisammensein einfach nur zu genie\u00dfen.<\/p>\n\n\n\n<p>Wir hoffen, dass ihr neugierig geworden seid.<\/p>\n\n\n\n<p>Wenn \u201cJa\u201d, kommt ihr&nbsp;<a href=\"https:\/\/www.darkover-con.de\/?page_id=1556\">hier&nbsp;<\/a>zur Anmeldung.<\/p>\n\n\n\n<p>Bitte lest euch vor dem Ausf\u00fcllen der Anmeldung die Teilnahmebedingungen sowie alle weiteren Infos sorgf\u00e4ltig durch. Mit Absenden der Anmeldung akzeptiert ihr diese ohne Einschr\u00e4nkung und verpflichtet euch zur Zahlung der Teilnehmerzahlung.<\/p>\n\n\n\n<p><strong>Der Anmeldestichtag ist der 22.12.2025<\/strong><br><strong>Bis dahin m\u00fcssen wir eine Mindestteilnehmerzahl von 16 Personen erreicht haben.<\/strong><\/p>\n\n\n\n<p>Es wird eine Vollverpflegung (als \u201cgruppendynamische Selbstversorgung\u201d) geben.<br><em>Auf spezielle Ern\u00e4hrungsbed\u00fcrfnisse (Allergien\/Unvertr\u00e4glichkeiten) versuchen wir einzugehen. Bitte setzt Euch in diesem Fall VOR der Anmeldung mit der&nbsp;<\/em><a href=\"https:\/\/www.darkover-con.de\/?page_id=14\"><em>Conplanung<\/em><\/a><em>&nbsp;in Verbindung.<\/em><\/p>\n\n\n\n<p>Gerne d\u00fcrfen Kuchen, Fingerfood und Kleinlichkeiten f\u00fcr die Allgemeinheit mitgebracht werden, bitte stimmt euch hierzu mit der K\u00fcchencrew ab. Erreichbar \u00fcber \"conplanung (at) darkover-con.de\"<\/p>\n\n\n\n<p>Wir hoffen auf einen kleinen Plot, aber im Augenblick fehlt und noch die Plot-Planung! Wer Interesse hat, bitte gleich uns anschreiben!<\/p>\n\n\n\n<p>Weitere organisatorische Infos, die f\u00fcr die Con und f\u00fcr euch als Teilnehmer wichtig sind, findet ihr auf der Infoseite zur Anmeldung, im Con-Forum sowie unter Plot aktuell.<\/p>\n\n\n\n<p>F\u00fcr Fragen aller Art zur Con stehen wir euch unter \"conplanung (at) darkover-con.de\" zur Verf\u00fcgung.<\/p>\n\n\n\n<p>Bitte scheut euch nicht, euch bei uns zu melden.<\/p>\n\n\n\n<p>Wir freuen uns auf zahlreiche Anmeldungen und darauf, euch im M\u00e4rz in W\u00fclmersen zu treffen.<\/p>\n\n\n\n<p>Eure Con-Planung<\/p>\n\n\n\n<p>Beria &amp; Lia<\/p>\n\n\n\n<hr class=\"wp-block-separator has-css-opacity\"\/>\n\n\n\n<p class=\"has-small-font-size\"><em>Um Spam zu minimieren sind die E-mail - Adressen nicht direkt hinterlegt.<\/em><br><em>Wir danken euch f\u00fcr euer Verst\u00e4ndnis.<\/em><\/p>\n\n\n\n<hr class=\"wp-block-separator has-css-opacity\"\/>\n\n\n\n<p><\/p>\n","protected":false},"excerpt":{"rendered":"<p>Ben Dia, Vom 12. - 15.03.2026 l\u00e4dt der Darkover Convention e.V. zur 44. Darkover-Con im Wasserschloss W\u00fclmersen (Gruppenhaus 1) ein.Wir freuen uns darauf, euch wieder zu sehen, oder auch neu in unserer Runde begr\u00fc\u00dfen zu d\u00fcrfen. Was erwartet euch auf der Darkover-Con? Ein geselliges Treffen von Darkover-Fans, die Spa\u00df daran haben vier Tage lang Gewandung <a href=\"https:\/\/www.darkover-con.de\/?page_id=29\" class=\"more-link\">...weiterlesen<span class=\"screen-reader-text\"> \"Conventions\"<\/span><\/a><\/p>\n","protected":false},"author":5,"featured_media":0,"parent":0,"menu_order":1,"comment_status":"closed","ping_status":"closed","template":"","meta":{"footnotes":""},"class_list":["post-29","page","type-page","status-publish","h-entry","hentry","h-as-page"],"_links":{"self":[{"href":"https:\/\/www.darkover-con.de\/index.php?rest_route=\/wp\/v2\/pages\/29","targetHints":{"allow":["GET"]}}],"collection":[{"href":"https:\/\/www.darkover-con.de\/index.php?rest_route=\/wp\/v2\/pages"}],"about":[{"href":"https:\/\/www.darkover-con.de\/index.php?rest_route=\/wp\/v2\/types\/page"}],"author":[{"embeddable":true,"href":"https:\/\/www.darkover-con.de\/index.php?rest_route=\/wp\/v2\/users\/5"}],"replies":[{"embeddable":true,"href":"https:\/\/www.darkover-con.de\/index.php?rest_route=%2Fwp%2Fv2%2Fcomments&post=29"}],"version-history":[{"count":227,"href":"https:\/\/www.darkover-con.de\/index.php?rest_route=\/wp\/v2\/pages\/29\/revisions"}],"predecessor-version":[{"id":3556,"href":"https:\/\/www.darkover-con.de\/index.php?rest_route=\/wp\/v2\/pages\/29\/revisions\/3556"}],"wp:attachment":[{"href":"https:\/\/www.darkover-con.de\/index.php?rest_route=%2Fwp%2Fv2%2Fmedia&parent=29"}],"curies":[{"name":"wp","href":"https:\/\/api.w.org\/{rel}","templated":true}]}}

<div class="wp-block-image">
<figure class="alignright size-large is-resized"><img loading="lazy" decoding="async" width="683" height="1024" src="https://www.darkover-con.de/wp-content/uploads/2020/03/19-07-19WZ-4-683x1024.jpg" alt="Wülmersen - Haus 1" class="wp-image-2855" style="width:205px;height:auto" srcset="https://www.darkover-con.de/wp-content/uploads/2020/03/19-07-19WZ-4-683x1024.jpg 683w, https://www.darkover-con.de/wp-content/uploads/2020/03/19-07-19WZ-4-200x300.jpg 200w, https://www.darkover-con.de/wp-content/uploads/2020/03/19-07-19WZ-4-768x1152.jpg 768w, https://www.darkover-con.de/wp-content/uploads/2020/03/19-07-19WZ-4-1024x1536.jpg 1024w, https://www.darkover-con.de/wp-content/uploads/2020/03/19-07-19WZ-4-1365x2048.jpg 1365w, https://www.darkover-con.de/wp-content/uploads/2020/03/19-07-19WZ-4-960x1440.jpg 960w, https://www.darkover-con.de/wp-content/uploads/2020/03/19-07-19WZ-4-scaled.jpg 1707w" sizes="auto, (max-width: 683px) 100vw, 683px" /></figure></div>


<p>Ben Dia,</p>



<p>Vom 12. - 15.03.2026 lädt der Darkover Convention e.V. zur 44. Darkover-Con im Wasserschloss Wülmersen (Gruppenhaus 1) ein.<br>Wir freuen uns darauf, euch wieder zu sehen, oder auch neu in unserer Runde begrüßen zu dürfen.</p>



<p><strong>Was erwartet euch auf der Darkover-Con?</strong></p>



<p>Ein geselliges Treffen von Darkover-Fans, die Spaß daran haben vier Tage lang Gewandung zu tragen, in einem kleinen Plot zu spielen, sich zu unterhalten, zu musizieren, zu handarbeiten, abwechselnd in der Küche zu werkeln, mit anzupacken und das Beisammensein einfach nur zu genießen.</p>



<p>Wir hoffen, dass ihr neugierig geworden seid.</p>



<p>Wenn “Ja”, kommt ihr&nbsp;<a href="https://www.darkover-con.de/?page_id=1556">hier&nbsp;</a>zur Anmeldung.</p>



<p>Bitte lest euch vor dem Ausfüllen der Anmeldung die Teilnahmebedingungen sowie alle weiteren Infos sorgfältig durch. Mit Absenden der Anmeldung akzeptiert ihr diese ohne Einschränkung und verpflichtet euch zur Zahlung der Teilnehmerzahlung.</p>



<p><strong>Der Anmeldestichtag ist der 22.12.2025</strong><br><strong>Bis dahin müssen wir eine Mindestteilnehmerzahl von 16 Personen erreicht haben.</strong></p>



<p>Es wird eine Vollverpflegung (als “gruppendynamische Selbstversorgung”) geben.<br><em>Auf spezielle Ernährungsbedürfnisse (Allergien/Unverträglichkeiten) versuchen wir einzugehen. Bitte setzt Euch in diesem Fall VOR der Anmeldung mit der&nbsp;</em><a href="https://www.darkover-con.de/?page_id=14"><em>Conplanung</em></a><em>&nbsp;in Verbindung.</em></p>



<p>Gerne dürfen Kuchen, Fingerfood und Kleinlichkeiten für die Allgemeinheit mitgebracht werden, bitte stimmt euch hierzu mit der Küchencrew ab. Erreichbar über "conplanung (at) darkover-con.de"</p>



<p>Wir hoffen auf einen kleinen Plot, aber im Augenblick fehlt und noch die Plot-Planung! Wer Interesse hat, bitte gleich uns anschreiben!</p>



<p>Weitere organisatorische Infos, die für die Con und für euch als Teilnehmer wichtig sind, findet ihr auf der Infoseite zur Anmeldung, im Con-Forum sowie unter Plot aktuell.</p>



<p>Für Fragen aller Art zur Con stehen wir euch unter "conplanung (at) darkover-con.de" zur Verfügung.</p>



<p>Bitte scheut euch nicht, euch bei uns zu melden.</p>



<p>Wir freuen uns auf zahlreiche Anmeldungen und darauf, euch im März in Wülmersen zu treffen.</p>



<p>Eure Con-Planung</p>



<p>Beria &amp; Lia</p>



<hr class="wp-block-separator has-css-opacity"/>



<p class="has-small-font-size"><em>Um Spam zu minimieren sind die E-mail - Adressen nicht direkt hinterlegt.</em><br><em>Wir danken euch für euer Verständnis.</em></p>



<hr class="wp-block-separator has-css-opacity"/>



<p></p>

<p>Ben Dia, Vom 12. - 15.03.2026 lädt der Darkover Convention e.V. zur 44. Darkover-Con im Wasserschloss Wülmersen (Gruppenhaus 1) ein.Wir freuen uns darauf, euch wieder zu sehen, oder auch neu in unserer Runde begrüßen zu dürfen. Was erwartet euch auf der Darkover-Con? Ein geselliges Treffen von Darkover-Fans, die Spaß daran haben vier Tage lang Gewandung <a href="https://www.darkover-con.de/?page_id=29" class="more-link">...weiterlesen<span class="screen-reader-text"> "Conventions"</span></a></p>
