{"id":3048,"date":"2021-10-16T15:48:59","date_gmt":"2021-10-16T14:48:59","guid":{"rendered":"https:\/\/www.darkover-con.de\/?page_id=3048"},"modified":"2021-10-16T15:48:59","modified_gmt":"2021-10-16T14:48:59","slug":"2021-herbst","status":"publish","type":"page","link":"https:\/\/www.darkover-con.de\/?page_id=3048","title":{"rendered":"2021 &#8211; Herbst"},"content":{"rendered":"\n<p class=\"has-text-color has-normal-font-size\" style=\"color:#993333\"><em>Auf Grund der Corona-Pandemie fielen die beiden Darkover-Cons 2020 und die Fr\u00fchjahres-Con 2021 aus.<\/em><\/p>\n\n\n\n<p class=\"has-text-color has-normal-font-size\" style=\"color:#993333\"><em>Im Herbst 2021 konnten wir uns als vollst\u00e4ndig geimpfte Gruppe wieder treffen und eine wundersch\u00f6ne Con miteinander verbringen.<\/em><\/p>\n\n\n\n<h3 class=\"wp-block-heading\">Achtung! \u00c4nderung der Plotausschreibung!<\/h3>\n\n\n\n<p class=\"has-small-font-size\">Auf Grund der Entwicklungen seit der letzten Con ist der angestrebte H\u00f6llenplot auf der n\u00e4chsten Con nicht umsetzbar.<\/p>\n\n\n\n<p class=\"has-small-font-size\">Daher haben wir, Caillean und Beara, die K\u00f6pfe zusammengesteckt, um an einem neuen Szenario zu arbeiten.<\/p>\n\n\n\n<p class=\"has-small-font-size\">Die Idee ist es, einen Plot auf Grundlage der IT-Vorg\u00e4nge seit der letzten Con zu entwickeln. Und das dabei bereits eingereichte Charaktere weiter eingesetzt werden k\u00f6nnen.<\/p>\n\n\n\n<p class=\"has-small-font-size\"><br>Als Vorbereitung zum n\u00e4chsten Plot m\u00f6chten wir euch nahelegen<a rel=\"noreferrer noopener\" href=\"https:\/\/darkover-con.forenverzeichnis.com\/f50-plot\" target=\"_blank\"> Vorgepl\u00e4nkel und Vorberichte im Forum<\/a> zu lesen. Und auch weiterhin immer wieder im Forum vorbei zu schauen.<\/p>\n\n\n\n<div class=\"wp-block-image is-style-rounded\"><figure class=\"alignright size-large is-resized\"><img loading=\"lazy\" decoding=\"async\" src=\"https:\/\/www.darkover-con.de\/wp-content\/uploads\/2021\/05\/2009-11-01-Beara-002-1024x768.jpg\" alt=\"\" class=\"wp-image-2985\" width=\"256\" height=\"192\"\/><\/figure><\/div>\n\n\n\n<p class=\"has-small-font-size\">Der Gedanke, dass wir f\u00fcr den Plot die Zeit \u201eeinfrieren\u201c und das nur knapp ein halbes Jahr seit dem Plot im Dezember 2019 vergangen ist, bleibt bestehen.<\/p>\n\n\n\n<p class=\"has-small-font-size\">Wir danken euch f\u00fcr euer Verst\u00e4ndnis und eure Geduld.<\/p>\n\n\n\n<p class=\"has-small-font-size\">Caillean (Bereich Kreativit\u00e4t) und Beara (Bereich Struktur)<\/p>\n\n\n\n<hr class=\"wp-block-separator\"\/>\n\n\n\n<p><em><strong>IT-Ausschreibung<\/strong><\/em><\/p>\n\n\n\n<p>Lange Zeit war der Krieg nur ein Ger\u00fccht, ein b\u00f6ser Alptraum, der den Launen des Kindk\u00f6nigs entsprungen war.<br>Ja, es gab eine offizielle Kundgebung von Seiten Hasturs, wenn die Renegaten nicht ausgeliefert werden, rufen die Comyn zu den Waffen ...<\/p>\n\n\n\n<p>Das einfache Volk machte sich Sorgen, die Laranzu\u2019in brachten die Relais zum Gl\u00fchen vor lauter Spekulationen, und der ein oder andere S\u00f6ldner hoffte auf Arbeit, aber es passierte nichts, was sich nachvollziehen lie\u00df.<br>Weder wurden die verbliebenen Renegaten ausgeliefert, noch schickte Aldaran oder Hastur Truppen ins Feld.<\/p>\n\n\n\n<p>Und dann, um den Jahreswechsel herum, ging es pl\u00f6tzlich Schlag auf Schlag.<\/p>\n\n\n\n<p><strong>Thendara Stadt<\/strong><\/p>\n\n\n\n<p>Hayden Elhalyn hatte einen wirklich pr\u00e4chtigen Ball in der frisch renovierten Oper Thendaras zu Neujahr organisiert, und alles, was \u00fcber den entsprechenden Rang und Namen verf\u00fcgte, am\u00fcsierte sich dort, als es auf den Stra\u00dfen Thendaras pl\u00f6tzlich zu einem bewaffneten Aufstand kam.<br>Die einfachen Leute hatten sich zusammengetan und liefen mit Fackeln und lautem Sprechgesang vor der Oper zusammen.<\/p>\n\n\n\n<div class=\"wp-block-image is-style-default\"><figure class=\"alignleft size-large is-resized\"><img loading=\"lazy\" decoding=\"async\" src=\"https:\/\/www.darkover-con.de\/wp-content\/uploads\/2021\/07\/Frankreich2019_Handy_20190507_0080-715x1024.jpg\" alt=\"\" class=\"wp-image-3008\" width=\"179\" height=\"256\"\/><\/figure><\/div>\n\n\n\n<p>\u201eRache f\u00fcr Lord Elhalyn, Rache f\u00fcr Lord Hastur!\u201c \u201eFeiert nicht, sondern bestraft die M\u00f6rder der gro\u00dfen Lords!\u201c \u201eStraft die Aldaran-Hexe f\u00fcr ihren Fluch \u00fcber die Stadt!\u201c \u201eDom Octavians Ermordung darf nicht unges\u00fchnt bleiben!\u201c \u201eWer besch\u00fctzt uns, w\u00e4hrend ihr feiert?\u201c waren nur einige der Rufe, die durch die gl\u00e4sernen Fenster der Oper in den Ballsaal drangen.<br><br>Die Stadtwachen bekamen die Situation zwar schnell wieder in den Griff, aber es war ein blutiges Schauspiel, dass Thendara Stadt an diesem Tag geboten wurde.<br><br>Ein abgek\u00e4mpfter Offizier der Stadtwache berichtete den anwesenden Comyn sp\u00e4ter, der Ausl\u00f6ser w\u00e4re wohl ein Spielmann gewesen, der mit Hetzreden und Spottges\u00e4ngen gegen Aldaran das Volk aufgewiegelt h\u00e4tte.<br>Zwar gab es einige Ohrenzeugen, die die aufr\u00fchrerischen Worte von au\u00dferhalb einer Taverne geh\u00f6rt hatten, nur gesehen hatte diese Spottdrossel niemand, so dass der Aufwiegler nicht aufzufinden war.<br><br>Er erkl\u00e4rte den Unmut der Bev\u00f6lkerung damit, dass die Comyn Lords lieber feierten, als endlich gegen die Wurzel allen \u00dcbels vorzugehen.<br><br>Es war doch offensichtlich, dass die Aldaran Hexe schuld an der misslichen Lage in Thendara Stadt war, und wahrscheinlich hatte sie auch diesen S\u00e4nger beauftragt, das Volk gegen die Regenten aufzubringen. Der Offizier riet auch dazu, einige Laranzu\u2019in in die Ermittlungen mit einzubeziehen, denn das ganze klang doch sehr nach offensiv eingesetzter Empathie und Gedankenkontrolle. Nicht dass er der Familie der Ridenow etwas unterstellen wolle, aber \u2026<br><\/p>\n\n\n\n<div class=\"wp-block-image is-style-default\"><figure class=\"alignright size-large is-resized\"><img loading=\"lazy\" decoding=\"async\" src=\"https:\/\/www.darkover-con.de\/wp-content\/uploads\/2021\/07\/2015-06-19_2764-617x1024.jpg\" alt=\"\" class=\"wp-image-3010\" width=\"154\" height=\"256\"\/><\/figure><\/div>\n\n\n\n<p>Dazu die verdorbene Ernte, als bei einigen Lagerh\u00e4usern die D\u00e4cher unter der Schneelast zusammengebrochen seien; die Rattenplage, die man seit dem fr\u00fchen Winter einfach nicht in den Griff bekommen konnte, die Ger\u00fcchte, dass der alte Aldaran jetzt tats\u00e4chlich ein Heer aufgestellt h\u00e4tte.<br>Die besonders gut Informierten munkelten auch davon, dass es sich im Fr\u00fchjahr auf den Weg in die Tieflande machen solle, nur woher sie ihre Informationen haben wollten, beantworteten sie nicht. Daf\u00fcr riefen sie umso lauter danach, dass man dem Alten zuvorkommen m\u00fcsste, und endlich eigene Truppen anmustern sollte, anstatt B\u00e4lle zu veranstalten oder den McTavisch auch noch Geld hinterherzuwerfen, indem Lord Elhalyn ihre Zirkuspferde kaufte.<br><br>Kurz gesagt, die Ger\u00fcchtek\u00fcche brodelt, und so hat Domna Irmelin Aillard-Hastur im Auftrag ihres Sohnes, K\u00f6nig Darius Hastur von Hastur, alle Abenteurer, Gl\u00fccksritter und Laranzu\u2019in aufgerufen, sich nach der Schneeschmelze in Acosta umzusehen, denn dort will Lord Joric Aldaran angeblich sein Heer in die Tieflande f\u00fchren. Es wird ausf\u00fchrlich betont, dass es sich um eine Aufkl\u00e4rungsmission, nicht um einen Heerzug, handle, und die K\u00f6niginmutter bittet alle Helden um ein m\u00f6glichst diskretes Vorgehen, um die angespannte diplomatische Lage nicht weiter anzuheizen.<\/p>\n\n\n\n<p><em><strong>Aldaran-Part<\/strong><\/em><\/p>\n\n\n\n<p>Es war seine einzig wahre Heldentat, murmelten die einfachen Leute, w\u00e4hrend sie sich um Rande des Platzes sammelten, wo das Feuer lichterloh brannte.<\/p>\n\n\n\n<p>F\u00fcr einen Moment vertrieb es sogar die bittere K\u00e4lte, die diesen Jahreswechsel k\u00e4lter zu sein schien als die letzten Jahre. Als w\u00fcrde Zandru selbst durch die Hellers ziehen und sein grausames Spiel treiben. Im Sp\u00e4therbst bereits waren alle P\u00e4sse zugefroren, die Ernte war mager.<\/p>\n\n\n\n<p>Und auch wenn der alte Falke und seine Tochter ihr bestes gaben, um die Ressourcen gerecht zu verteilen, es reichte nicht. Noch vor der Wintersonnenwende beklagten die Bewohner der Hellers die ersten Toten.<\/p>\n\n\n\n<p>Die Feuer brannten auf den Marktpl\u00e4tzen, um den Toten den Weg in Avarras Reich zu leuchten.<\/p>\n\n\n\n<p>Aber dieses Feuer... Es brannte auf jedem einzelnen Dorfplatz, in jeder Feuerwache und vor allem in Rakhaila's Augen.<\/p>\n\n\n\n<p>Denn es brannte f\u00fcr Rakaila Aldarans verstorbenen Gatten, der von dem harten Bergvolk zwar bestenfalls bel\u00e4chelt worden war, und f\u00fcr ihren kr\u00e4nklichen Sohn, Laertes.<\/p>\n\n\n\n<div class=\"wp-block-image is-style-default\"><figure class=\"alignright size-large is-resized\"><img loading=\"lazy\" decoding=\"async\" src=\"https:\/\/www.darkover-con.de\/wp-content\/uploads\/2021\/07\/2015-06-18_2803-1024x882.jpg\" alt=\"\" class=\"wp-image-3009\" width=\"256\" height=\"221\"\/><\/figure><\/div>\n\n\n\n<p>Und seine einzige Heldentat war es gewesen, sich dem Attent\u00e4ter entgegenzustellen, den die elenden Tiefl\u00e4nder entsandt hatten.<\/p>\n\n\n\n<p>Giftm\u00f6rder. Feiglinge.<\/p>\n\n\n\n<p>Das Volk brannte, genauso wie das Feuer.<\/p>\n\n\n\n<p>Auf Rache.<\/p>\n\n\n\n<p>Und der alte Falke hatte Rakhaila einen Mann an die Seite gestellt, der als milit\u00e4risch geschickt galt und den Tiefl\u00e4ndern unbekannt sein d\u00fcrfte.<\/p>\n\n\n\n<p>Lord Liam Ambervale suchte nun unter den Laranzu'in, Abenteurern und Gl\u00fccksrittern nach Freiwilligen, die bereit waren, sich sofort nach der Schneeschmelze auf den Weg nach Acosta zu machen.<\/p>\n\n\n\n<p>Denn ihm wurde zugetragen, dort wolle Hastur mit seinen Schergen ein Heer sammeln, um in die Berge zu ziehen. Aber bevor er Lord Aldaran zu milit\u00e4rischen Schritten riet, ben\u00f6tigten sie dringend weitere und zuverl\u00e4ssige Informationen, und so sch\u00e4rfte er jedem Freiwilligen ein, diskret vorzugehen und weitere Eskalationen, wenn m\u00f6glich zu vermeiden.<\/p>\n\n\n\n<hr class=\"wp-block-separator\"\/>\n\n\n\n<p>Erz\u00e4hlungen zur Einstimmung und Vorbereitung sowie Plotberichte und Erz\u00e4hlungen was nach dem Plot geschah, findet ihr im <a href=\"https:\/\/darkover-con.forenverzeichnis.com\/f45-herbst-con-2021-ubern-aus-2020\">Forum<\/a>. <\/p>\n","protected":false},"excerpt":{"rendered":"<p>Auf Grund der Corona-Pandemie fielen die beiden Darkover-Cons 2020 und die Fr\u00fchjahres-Con 2021 aus. Im Herbst 2021 konnten wir uns als vollst\u00e4ndig geimpfte Gruppe wieder treffen und eine wundersch\u00f6ne Con miteinander verbringen. Achtung! \u00c4nderung der Plotausschreibung! Auf Grund der Entwicklungen seit der letzten Con ist der angestrebte H\u00f6llenplot auf der n\u00e4chsten Con nicht umsetzbar. Daher <a href=\"https:\/\/www.darkover-con.de\/?page_id=3048\" class=\"more-link\">...weiterlesen<span class=\"screen-reader-text\"> \"2021 &#8211; Herbst\"<\/span><\/a><\/p>\n","protected":false},"author":4,"featured_media":0,"parent":1222,"menu_order":37,"comment_status":"closed","ping_status":"closed","template":"","meta":{"footnotes":""},"class_list":["post-3048","page","type-page","status-publish","h-entry","hentry","h-as-page"],"_links":{"self":[{"href":"https:\/\/www.darkover-con.de\/index.php?rest_route=\/wp\/v2\/pages\/3048","targetHints":{"allow":["GET"]}}],"collection":[{"href":"https:\/\/www.darkover-con.de\/index.php?rest_route=\/wp\/v2\/pages"}],"about":[{"href":"https:\/\/www.darkover-con.de\/index.php?rest_route=\/wp\/v2\/types\/page"}],"author":[{"embeddable":true,"href":"https:\/\/www.darkover-con.de\/index.php?rest_route=\/wp\/v2\/users\/4"}],"replies":[{"embeddable":true,"href":"https:\/\/www.darkover-con.de\/index.php?rest_route=%2Fwp%2Fv2%2Fcomments&post=3048"}],"version-history":[{"count":2,"href":"https:\/\/www.darkover-con.de\/index.php?rest_route=\/wp\/v2\/pages\/3048\/revisions"}],"predecessor-version":[{"id":3050,"href":"https:\/\/www.darkover-con.de\/index.php?rest_route=\/wp\/v2\/pages\/3048\/revisions\/3050"}],"up":[{"embeddable":true,"href":"https:\/\/www.darkover-con.de\/index.php?rest_route=\/wp\/v2\/pages\/1222"}],"wp:attachment":[{"href":"https:\/\/www.darkover-con.de\/index.php?rest_route=%2Fwp%2Fv2%2Fmedia&parent=3048"}],"curies":[{"name":"wp","href":"https:\/\/api.w.org\/{rel}","templated":true}]}}

<p class="has-text-color has-normal-font-size" style="color:#993333"><em>Auf Grund der Corona-Pandemie fielen die beiden Darkover-Cons 2020 und die Frühjahres-Con 2021 aus.</em></p>



<p class="has-text-color has-normal-font-size" style="color:#993333"><em>Im Herbst 2021 konnten wir uns als vollständig geimpfte Gruppe wieder treffen und eine wunderschöne Con miteinander verbringen.</em></p>



<h3 class="wp-block-heading">Achtung! Änderung der Plotausschreibung!</h3>



<p class="has-small-font-size">Auf Grund der Entwicklungen seit der letzten Con ist der angestrebte Höllenplot auf der nächsten Con nicht umsetzbar.</p>



<p class="has-small-font-size">Daher haben wir, Caillean und Beara, die Köpfe zusammengesteckt, um an einem neuen Szenario zu arbeiten.</p>



<p class="has-small-font-size">Die Idee ist es, einen Plot auf Grundlage der IT-Vorgänge seit der letzten Con zu entwickeln. Und das dabei bereits eingereichte Charaktere weiter eingesetzt werden können.</p>



<p class="has-small-font-size"><br>Als Vorbereitung zum nächsten Plot möchten wir euch nahelegen<a rel="noreferrer noopener" href="https://darkover-con.forenverzeichnis.com/f50-plot" target="_blank"> Vorgeplänkel und Vorberichte im Forum</a> zu lesen. Und auch weiterhin immer wieder im Forum vorbei zu schauen.</p>



<div class="wp-block-image is-style-rounded"><figure class="alignright size-large is-resized"><img loading="lazy" decoding="async" src="https://www.darkover-con.de/wp-content/uploads/2021/05/2009-11-01-Beara-002-1024x768.jpg" alt="" class="wp-image-2985" width="256" height="192"/></figure></div>



<p class="has-small-font-size">Der Gedanke, dass wir für den Plot die Zeit „einfrieren“ und das nur knapp ein halbes Jahr seit dem Plot im Dezember 2019 vergangen ist, bleibt bestehen.</p>



<p class="has-small-font-size">Wir danken euch für euer Verständnis und eure Geduld.</p>



<p class="has-small-font-size">Caillean (Bereich Kreativität) und Beara (Bereich Struktur)</p>



<hr class="wp-block-separator"/>



<p><em><strong>IT-Ausschreibung</strong></em></p>



<p>Lange Zeit war der Krieg nur ein Gerücht, ein böser Alptraum, der den Launen des Kindkönigs entsprungen war.<br>Ja, es gab eine offizielle Kundgebung von Seiten Hasturs, wenn die Renegaten nicht ausgeliefert werden, rufen die Comyn zu den Waffen ...</p>



<p>Das einfache Volk machte sich Sorgen, die Laranzu’in brachten die Relais zum Glühen vor lauter Spekulationen, und der ein oder andere Söldner hoffte auf Arbeit, aber es passierte nichts, was sich nachvollziehen ließ.<br>Weder wurden die verbliebenen Renegaten ausgeliefert, noch schickte Aldaran oder Hastur Truppen ins Feld.</p>



<p>Und dann, um den Jahreswechsel herum, ging es plötzlich Schlag auf Schlag.</p>



<p><strong>Thendara Stadt</strong></p>



<p>Hayden Elhalyn hatte einen wirklich prächtigen Ball in der frisch renovierten Oper Thendaras zu Neujahr organisiert, und alles, was über den entsprechenden Rang und Namen verfügte, amüsierte sich dort, als es auf den Straßen Thendaras plötzlich zu einem bewaffneten Aufstand kam.<br>Die einfachen Leute hatten sich zusammengetan und liefen mit Fackeln und lautem Sprechgesang vor der Oper zusammen.</p>



<div class="wp-block-image is-style-default"><figure class="alignleft size-large is-resized"><img loading="lazy" decoding="async" src="https://www.darkover-con.de/wp-content/uploads/2021/07/Frankreich2019_Handy_20190507_0080-715x1024.jpg" alt="" class="wp-image-3008" width="179" height="256"/></figure></div>



<p>„Rache für Lord Elhalyn, Rache für Lord Hastur!“ „Feiert nicht, sondern bestraft die Mörder der großen Lords!“ „Straft die Aldaran-Hexe für ihren Fluch über die Stadt!“ „Dom Octavians Ermordung darf nicht ungesühnt bleiben!“ „Wer beschützt uns, während ihr feiert?“ waren nur einige der Rufe, die durch die gläsernen Fenster der Oper in den Ballsaal drangen.<br><br>Die Stadtwachen bekamen die Situation zwar schnell wieder in den Griff, aber es war ein blutiges Schauspiel, dass Thendara Stadt an diesem Tag geboten wurde.<br><br>Ein abgekämpfter Offizier der Stadtwache berichtete den anwesenden Comyn später, der Auslöser wäre wohl ein Spielmann gewesen, der mit Hetzreden und Spottgesängen gegen Aldaran das Volk aufgewiegelt hätte.<br>Zwar gab es einige Ohrenzeugen, die die aufrührerischen Worte von außerhalb einer Taverne gehört hatten, nur gesehen hatte diese Spottdrossel niemand, so dass der Aufwiegler nicht aufzufinden war.<br><br>Er erklärte den Unmut der Bevölkerung damit, dass die Comyn Lords lieber feierten, als endlich gegen die Wurzel allen Übels vorzugehen.<br><br>Es war doch offensichtlich, dass die Aldaran Hexe schuld an der misslichen Lage in Thendara Stadt war, und wahrscheinlich hatte sie auch diesen Sänger beauftragt, das Volk gegen die Regenten aufzubringen. Der Offizier riet auch dazu, einige Laranzu’in in die Ermittlungen mit einzubeziehen, denn das ganze klang doch sehr nach offensiv eingesetzter Empathie und Gedankenkontrolle. Nicht dass er der Familie der Ridenow etwas unterstellen wolle, aber …<br></p>



<div class="wp-block-image is-style-default"><figure class="alignright size-large is-resized"><img loading="lazy" decoding="async" src="https://www.darkover-con.de/wp-content/uploads/2021/07/2015-06-19_2764-617x1024.jpg" alt="" class="wp-image-3010" width="154" height="256"/></figure></div>



<p>Dazu die verdorbene Ernte, als bei einigen Lagerhäusern die Dächer unter der Schneelast zusammengebrochen seien; die Rattenplage, die man seit dem frühen Winter einfach nicht in den Griff bekommen konnte, die Gerüchte, dass der alte Aldaran jetzt tatsächlich ein Heer aufgestellt hätte.<br>Die besonders gut Informierten munkelten auch davon, dass es sich im Frühjahr auf den Weg in die Tieflande machen solle, nur woher sie ihre Informationen haben wollten, beantworteten sie nicht. Dafür riefen sie umso lauter danach, dass man dem Alten zuvorkommen müsste, und endlich eigene Truppen anmustern sollte, anstatt Bälle zu veranstalten oder den McTavisch auch noch Geld hinterherzuwerfen, indem Lord Elhalyn ihre Zirkuspferde kaufte.<br><br>Kurz gesagt, die Gerüchteküche brodelt, und so hat Domna Irmelin Aillard-Hastur im Auftrag ihres Sohnes, König Darius Hastur von Hastur, alle Abenteurer, Glücksritter und Laranzu’in aufgerufen, sich nach der Schneeschmelze in Acosta umzusehen, denn dort will Lord Joric Aldaran angeblich sein Heer in die Tieflande führen. Es wird ausführlich betont, dass es sich um eine Aufklärungsmission, nicht um einen Heerzug, handle, und die Königinmutter bittet alle Helden um ein möglichst diskretes Vorgehen, um die angespannte diplomatische Lage nicht weiter anzuheizen.</p>



<p><em><strong>Aldaran-Part</strong></em></p>



<p>Es war seine einzig wahre Heldentat, murmelten die einfachen Leute, während sie sich um Rande des Platzes sammelten, wo das Feuer lichterloh brannte.</p>



<p>Für einen Moment vertrieb es sogar die bittere Kälte, die diesen Jahreswechsel kälter zu sein schien als die letzten Jahre. Als würde Zandru selbst durch die Hellers ziehen und sein grausames Spiel treiben. Im Spätherbst bereits waren alle Pässe zugefroren, die Ernte war mager.</p>



<p>Und auch wenn der alte Falke und seine Tochter ihr bestes gaben, um die Ressourcen gerecht zu verteilen, es reichte nicht. Noch vor der Wintersonnenwende beklagten die Bewohner der Hellers die ersten Toten.</p>



<p>Die Feuer brannten auf den Marktplätzen, um den Toten den Weg in Avarras Reich zu leuchten.</p>



<p>Aber dieses Feuer... Es brannte auf jedem einzelnen Dorfplatz, in jeder Feuerwache und vor allem in Rakhaila's Augen.</p>



<p>Denn es brannte für Rakaila Aldarans verstorbenen Gatten, der von dem harten Bergvolk zwar bestenfalls belächelt worden war, und für ihren kränklichen Sohn, Laertes.</p>



<div class="wp-block-image is-style-default"><figure class="alignright size-large is-resized"><img loading="lazy" decoding="async" src="https://www.darkover-con.de/wp-content/uploads/2021/07/2015-06-18_2803-1024x882.jpg" alt="" class="wp-image-3009" width="256" height="221"/></figure></div>



<p>Und seine einzige Heldentat war es gewesen, sich dem Attentäter entgegenzustellen, den die elenden Tiefländer entsandt hatten.</p>



<p>Giftmörder. Feiglinge.</p>



<p>Das Volk brannte, genauso wie das Feuer.</p>



<p>Auf Rache.</p>



<p>Und der alte Falke hatte Rakhaila einen Mann an die Seite gestellt, der als militärisch geschickt galt und den Tiefländern unbekannt sein dürfte.</p>



<p>Lord Liam Ambervale suchte nun unter den Laranzu'in, Abenteurern und Glücksrittern nach Freiwilligen, die bereit waren, sich sofort nach der Schneeschmelze auf den Weg nach Acosta zu machen.</p>



<p>Denn ihm wurde zugetragen, dort wolle Hastur mit seinen Schergen ein Heer sammeln, um in die Berge zu ziehen. Aber bevor er Lord Aldaran zu militärischen Schritten riet, benötigten sie dringend weitere und zuverlässige Informationen, und so schärfte er jedem Freiwilligen ein, diskret vorzugehen und weitere Eskalationen, wenn möglich zu vermeiden.</p>



<hr class="wp-block-separator"/>



<p>Erzählungen zur Einstimmung und Vorbereitung sowie Plotberichte und Erzählungen was nach dem Plot geschah, findet ihr im <a href="https://darkover-con.forenverzeichnis.com/f45-herbst-con-2021-ubern-aus-2020">Forum</a>. </p>

<p>Auf Grund der Corona-Pandemie fielen die beiden Darkover-Cons 2020 und die Frühjahres-Con 2021 aus. Im Herbst 2021 konnten wir uns als vollständig geimpfte Gruppe wieder treffen und eine wunderschöne Con miteinander verbringen. Achtung! Änderung der Plotausschreibung! Auf Grund der Entwicklungen seit der letzten Con ist der angestrebte Höllenplot auf der nächsten Con nicht umsetzbar. Daher <a href="https://www.darkover-con.de/?page_id=3048" class="more-link">...weiterlesen<span class="screen-reader-text"> "2021 &#8211; Herbst"</span></a></p>
