{"id":3199,"date":"2022-11-09T10:21:18","date_gmt":"2022-11-09T09:21:18","guid":{"rendered":"https:\/\/www.darkover-con.de\/?page_id=3199"},"modified":"2022-11-09T10:21:18","modified_gmt":"2022-11-09T09:21:18","slug":"2022-herbst","status":"publish","type":"page","link":"https:\/\/www.darkover-con.de\/?page_id=3199","title":{"rendered":"2022 &#8211; Herbst"},"content":{"rendered":"\n<p>Die Plotplanung f\u00fcr die Con 2022 \u00fcbernehmen Tene und Dragan. <br>Die Ausrichtung der Zeremonie liegt in Leonies H\u00e4nden.<br> Vielen Dank daf\u00fcr!<\/p>\n\n\n\n<hr class=\"wp-block-separator has-css-opacity\"\/>\n\n\n\n<h2 class=\"wp-block-heading\" id=\"thendara-auszug-aus-dem-herold-der-hauptstadt\">Thendara, Auszug aus dem Herold der Hauptstadt<\/h2>\n\n\n\n<blockquote class=\"wp-block-quote is-layout-flow wp-block-quote-is-layout-flow\">\n<p>Uns kam die Ehre zuteil, die Kunde den Edlen aller Dom\u00e4nen und dem gesamten Volk zu verk\u00fcnden.<\/p>\n\n\n\n<p>Es werden sich der ehrenwerte Dom Yarid Ruyven Alton von High Chapel y Ardais und die liebreizende Domna Elaine Alton-Ardais, Muse des gro\u00dfen Dichters Robay Harryl und Stifterin des Hospitals zu Thendara, di Catenas verm\u00e4hlen und Hochzeit halten.<\/p>\n\n\n\n<p>Es gereicht allen Anwesenden zur Ehre, dass niemand Geringeres, als Dom Hayden Kermiac Beltran Lord und K\u00f6nig zu Elhalyn die Zeremonie im Fr\u00fchjahr auf High Chapel abhalten wird. <\/p>\n\n\n\n<p>Es h\u00e4lt sich das Ger\u00fccht, dass in Thendara im Sommer pomp\u00f6se Feierlichkeiten stattfinden werden. <\/p>\n\n\n\n<p>Wir werden mit Freuden von den Feierlichkeiten, den musikalischen Darbietungen und den geladenen und anwesenden G\u00e4sten zu berichten wissen.<\/p>\n\n\n\n<p>Edric McGarvin<\/p>\n\n\n\n<p>Berichterstatter der Comyn<\/p>\n<cite>&nbsp;Herold der Hauptstadt<\/cite><\/blockquote>\n\n\n\n<h3 class=\"wp-block-heading\" id=\"kurzfassung-plotausschreibung\" style=\"font-style:normal;font-weight:300\"><strong>Kurzfassung Plotausschreibung:<\/strong> <\/h3>\n\n\n\n<p>Elaine und Yarid heiraten. <\/p>\n\n\n<div class=\"wp-block-image\">\n<figure class=\"alignright size-medium is-resized\"><img decoding=\"async\" src=\"https:\/\/www.darkover-con.de\/wp-content\/uploads\/2022\/02\/unbenannt-63-edited-225x300.jpg\" alt=\"\" class=\"wp-image-3123\" height=\"200\" srcset=\"https:\/\/www.darkover-con.de\/wp-content\/uploads\/2022\/02\/unbenannt-63-edited-225x300.jpg 225w, https:\/\/www.darkover-con.de\/wp-content\/uploads\/2022\/02\/unbenannt-63-edited-768x1024.jpg 768w, https:\/\/www.darkover-con.de\/wp-content\/uploads\/2022\/02\/unbenannt-63-edited-1152x1536.jpg 1152w, https:\/\/www.darkover-con.de\/wp-content\/uploads\/2022\/02\/unbenannt-63-edited-1536x2048.jpg 1536w, https:\/\/www.darkover-con.de\/wp-content\/uploads\/2022\/02\/unbenannt-63-edited-960x1280.jpg 960w, https:\/\/www.darkover-con.de\/wp-content\/uploads\/2022\/02\/unbenannt-63-edited-scaled.jpg 1920w\" sizes=\"(max-width: 225px) 100vw, 225px\" \/><\/figure><\/div>\n\n\n<p>Vorher gibt es einen Junggessellenabschied bzw andere Rituale, die vor einer darkovanischen Hochzeit stattfinden.<br>Dazu seid ihr eingeladen. <\/p>\n\n\n\n<p>Was dann der Plot sein wird, wer wei\u00df das schon? *zwinker*<br>Sicher ist aber, sp\u00e4testens Samstagabend wird geheiratet. <br>Versprochen.<\/p>\n\n\n\n<p class=\"has-text-align-center\">~*~<\/p>\n\n\n\n<p>F\u00fcr Fragen, Unklarheiten etc. erreicht ihr die Plotplanung unter <a href=\"https:\/\/www.darkover-con.de\/?page_id=14\">Plotplanung<\/a>.<\/p>\n\n\n\n<p>Charakterblatt und Regelwerk findet ihr <a href=\"https:\/\/www.darkover-con.de\/?page_id=148\"><strong>hier<\/strong><\/a>. <\/p>\n\n\n\n<p class=\"has-text-align-center\"> ~*~ <\/p>\n\n\n\n<p class=\"has-text-align-left\">Bitte beachtet den Hinweis zur zeitlichen Einordnung des Plots: <\/p>\n\n\n\n<p>Auf Grund der ausgefallenen Cons haben wir uns darauf geeinigt, den Plot unabh\u00e4ngig von der tats\u00e4chlichen Jahreszeit bis auf Weiteres im Fr\u00fchjahr anzusiedeln, bis wir wieder im \"normalen\" Rhythmus sind.<\/p>\n\n\n\n<p class=\"has-text-align-center\"> ~*~ <\/p>\n","protected":false},"excerpt":{"rendered":"<p>Die Plotplanung f\u00fcr die Con 2022 \u00fcbernehmen Tene und Dragan. Die Ausrichtung der Zeremonie liegt in Leonies H\u00e4nden. Vielen Dank daf\u00fcr! Thendara, Auszug aus dem Herold der Hauptstadt Uns kam die Ehre zuteil, die Kunde den Edlen aller Dom\u00e4nen und dem gesamten Volk zu verk\u00fcnden. Es werden sich der ehrenwerte Dom Yarid Ruyven Alton von <a href=\"https:\/\/www.darkover-con.de\/?page_id=3199\" class=\"more-link\">...weiterlesen<span class=\"screen-reader-text\"> \"2022 &#8211; Herbst\"<\/span><\/a><\/p>\n","protected":false},"author":4,"featured_media":0,"parent":1222,"menu_order":38,"comment_status":"closed","ping_status":"closed","template":"","meta":{"footnotes":""},"class_list":["post-3199","page","type-page","status-publish","h-entry","hentry","h-as-page"],"_links":{"self":[{"href":"https:\/\/www.darkover-con.de\/index.php?rest_route=\/wp\/v2\/pages\/3199","targetHints":{"allow":["GET"]}}],"collection":[{"href":"https:\/\/www.darkover-con.de\/index.php?rest_route=\/wp\/v2\/pages"}],"about":[{"href":"https:\/\/www.darkover-con.de\/index.php?rest_route=\/wp\/v2\/types\/page"}],"author":[{"embeddable":true,"href":"https:\/\/www.darkover-con.de\/index.php?rest_route=\/wp\/v2\/users\/4"}],"replies":[{"embeddable":true,"href":"https:\/\/www.darkover-con.de\/index.php?rest_route=%2Fwp%2Fv2%2Fcomments&post=3199"}],"version-history":[{"count":1,"href":"https:\/\/www.darkover-con.de\/index.php?rest_route=\/wp\/v2\/pages\/3199\/revisions"}],"predecessor-version":[{"id":3200,"href":"https:\/\/www.darkover-con.de\/index.php?rest_route=\/wp\/v2\/pages\/3199\/revisions\/3200"}],"up":[{"embeddable":true,"href":"https:\/\/www.darkover-con.de\/index.php?rest_route=\/wp\/v2\/pages\/1222"}],"wp:attachment":[{"href":"https:\/\/www.darkover-con.de\/index.php?rest_route=%2Fwp%2Fv2%2Fmedia&parent=3199"}],"curies":[{"name":"wp","href":"https:\/\/api.w.org\/{rel}","templated":true}]}}

<p>Die Plotplanung für die Con 2022 übernehmen Tene und Dragan. <br>Die Ausrichtung der Zeremonie liegt in Leonies Händen.<br> Vielen Dank dafür!</p>



<hr class="wp-block-separator has-css-opacity"/>



<h2 class="wp-block-heading" id="thendara-auszug-aus-dem-herold-der-hauptstadt">Thendara, Auszug aus dem Herold der Hauptstadt</h2>



<blockquote class="wp-block-quote is-layout-flow wp-block-quote-is-layout-flow">
<p>Uns kam die Ehre zuteil, die Kunde den Edlen aller Domänen und dem gesamten Volk zu verkünden.</p>



<p>Es werden sich der ehrenwerte Dom Yarid Ruyven Alton von High Chapel y Ardais und die liebreizende Domna Elaine Alton-Ardais, Muse des großen Dichters Robay Harryl und Stifterin des Hospitals zu Thendara, di Catenas vermählen und Hochzeit halten.</p>



<p>Es gereicht allen Anwesenden zur Ehre, dass niemand Geringeres, als Dom Hayden Kermiac Beltran Lord und König zu Elhalyn die Zeremonie im Frühjahr auf High Chapel abhalten wird. </p>



<p>Es hält sich das Gerücht, dass in Thendara im Sommer pompöse Feierlichkeiten stattfinden werden. </p>



<p>Wir werden mit Freuden von den Feierlichkeiten, den musikalischen Darbietungen und den geladenen und anwesenden Gästen zu berichten wissen.</p>



<p>Edric McGarvin</p>



<p>Berichterstatter der Comyn</p>
<cite>&nbsp;Herold der Hauptstadt</cite></blockquote>



<h3 class="wp-block-heading" id="kurzfassung-plotausschreibung" style="font-style:normal;font-weight:300"><strong>Kurzfassung Plotausschreibung:</strong> </h3>



<p>Elaine und Yarid heiraten. </p>


<div class="wp-block-image">
<figure class="alignright size-medium is-resized"><img decoding="async" src="https://www.darkover-con.de/wp-content/uploads/2022/02/unbenannt-63-edited-225x300.jpg" alt="" class="wp-image-3123" height="200" srcset="https://www.darkover-con.de/wp-content/uploads/2022/02/unbenannt-63-edited-225x300.jpg 225w, https://www.darkover-con.de/wp-content/uploads/2022/02/unbenannt-63-edited-768x1024.jpg 768w, https://www.darkover-con.de/wp-content/uploads/2022/02/unbenannt-63-edited-1152x1536.jpg 1152w, https://www.darkover-con.de/wp-content/uploads/2022/02/unbenannt-63-edited-1536x2048.jpg 1536w, https://www.darkover-con.de/wp-content/uploads/2022/02/unbenannt-63-edited-960x1280.jpg 960w, https://www.darkover-con.de/wp-content/uploads/2022/02/unbenannt-63-edited-scaled.jpg 1920w" sizes="(max-width: 225px) 100vw, 225px" /></figure></div>


<p>Vorher gibt es einen Junggessellenabschied bzw andere Rituale, die vor einer darkovanischen Hochzeit stattfinden.<br>Dazu seid ihr eingeladen. </p>



<p>Was dann der Plot sein wird, wer weiß das schon? *zwinker*<br>Sicher ist aber, spätestens Samstagabend wird geheiratet. <br>Versprochen.</p>



<p class="has-text-align-center">~*~</p>



<p>Für Fragen, Unklarheiten etc. erreicht ihr die Plotplanung unter <a href="https://www.darkover-con.de/?page_id=14">Plotplanung</a>.</p>



<p>Charakterblatt und Regelwerk findet ihr <a href="https://www.darkover-con.de/?page_id=148"><strong>hier</strong></a>. </p>



<p class="has-text-align-center"> ~*~ </p>



<p class="has-text-align-left">Bitte beachtet den Hinweis zur zeitlichen Einordnung des Plots: </p>



<p>Auf Grund der ausgefallenen Cons haben wir uns darauf geeinigt, den Plot unabhängig von der tatsächlichen Jahreszeit bis auf Weiteres im Frühjahr anzusiedeln, bis wir wieder im "normalen" Rhythmus sind.</p>



<p class="has-text-align-center"> ~*~ </p>

<p>Die Plotplanung für die Con 2022 übernehmen Tene und Dragan. Die Ausrichtung der Zeremonie liegt in Leonies Händen. Vielen Dank dafür! Thendara, Auszug aus dem Herold der Hauptstadt Uns kam die Ehre zuteil, die Kunde den Edlen aller Domänen und dem gesamten Volk zu verkünden. Es werden sich der ehrenwerte Dom Yarid Ruyven Alton von <a href="https://www.darkover-con.de/?page_id=3199" class="more-link">...weiterlesen<span class="screen-reader-text"> "2022 &#8211; Herbst"</span></a></p>
