{"id":3287,"date":"2023-05-18T12:33:40","date_gmt":"2023-05-18T11:33:40","guid":{"rendered":"https:\/\/www.darkover-con.de\/?page_id=3287"},"modified":"2023-05-18T12:33:40","modified_gmt":"2023-05-18T11:33:40","slug":"2023-fruehjahr","status":"publish","type":"page","link":"https:\/\/www.darkover-con.de\/?page_id=3287","title":{"rendered":"2023 &#8211; Fr\u00fchjahr"},"content":{"rendered":"\n<h4 class=\"wp-block-heading\">IT - Ausschreibung ~ 18.12.2022<\/h4>\n\n\n\n<p>Das Jahresende n\u00e4herte sich mit gro\u00dfen Schritten, und mit dem neuen Jahr kam auch die Er\u00f6ffnung ihres ersten, offiziellen, Frauenhauses n\u00e4her.<br>Magda schaute aus dem Fenster, betrachtete gedankenverloren den hohen Schnee, der den Hof des Hauses bedeckte, das sie und ihre Schwestern erworben hatten. Magda nannte es jetzt schon gerne \u201edas Gildenhaus\u201c.<\/p>\n\n\n<div class=\"wp-block-image\">\n<figure class=\"alignright size-full is-resized\"><img loading=\"lazy\" decoding=\"async\" src=\"https:\/\/www.darkover-con.de\/wp-content\/uploads\/2022\/12\/Darkover-Plot-04-2023_01-Kopie.jpg\" alt=\"\" class=\"wp-image-3242\" width=\"184\" height=\"245\" srcset=\"https:\/\/www.darkover-con.de\/wp-content\/uploads\/2022\/12\/Darkover-Plot-04-2023_01-Kopie.jpg 400w, https:\/\/www.darkover-con.de\/wp-content\/uploads\/2022\/12\/Darkover-Plot-04-2023_01-Kopie-225x300.jpg 225w\" sizes=\"auto, (max-width: 184px) 100vw, 184px\" \/><\/figure><\/div>\n\n\n<p>Nur Doreen\u2019s Worte klangen immer noch in Magda\u2019s Ohren nach.<\/p>\n\n\n\n<p>\u201eWir Schwestern haben die Ketten unserer Erziehung abgeworfen, und du willst uns die einer Gilde anlegen?\u201c<\/p>\n\n\n\n<p>Doreen sagte auch, dass es ja wohl etwas gro\u00dfspurig w\u00e4re, von einem Gildenhaus zu reden; die Schwertschwestern seien nicht organisiert, und sollten es auch nicht sein.<br>Sie arbeiteten genau so gut zusammen, wie das bei leiblichen Schwestern der Fall war.<\/p>\n\n\n\n<p>Mal gut, Mal gar nicht.<\/p>\n\n\n\n<p>Aber es sei immer eine freie Entscheidung. Und genau in dieser Freiheit liege ihre St\u00e4rke.<\/p>\n\n\n\n<p>\u201eAber auch ihre Schw\u00e4che\u201c hatte Magda in Gedanken hinzugef\u00fcgt.<\/p>\n\n\n\n<p>Doreen hatte gesagt, alles, was uns eint, sei eine tragische Geschichte mit der Geburtsfamilie.<br>Und mehr br\u00e4uchte es auch nicht.<br>Magda l\u00e4chelte.<\/p>\n\n\n\n<p>Es war Zeit, das zu \u00e4ndern. Zeit, eine Familie zu werden, die zueinander steht, aufeinander acht gibt und sich unterst\u00fctzt.<br>Und wenn es in dieser, unserer Welt, dazu eine Gilde braucht, um&nbsp;sich gegen alten Strukturen zu behaupten, dann w\u00fcrden sie eben eine gr\u00fcnden.<\/p>\n\n\n\n<p>\u201eDas Fr\u00fchjahr ist eine gute Zeit daf\u00fcr, aber es war noch soviel zu tun bis dahin.\u201c Dachte Magda bei sich, und ging, um eine Nachricht f\u00fcr die Schwestern vorzubereiten.<\/p>\n\n\n\n<hr class=\"wp-block-separator has-alpha-channel-opacity is-style-dots\"\/>\n\n\n\n<p>Ja, ihr Lieben, das w\u00e4re dann die IT Einstimmung f\u00fcr unseren Plot.<\/p>\n\n\n<div class=\"wp-block-image\">\n<figure class=\"alignleft size-full is-resized\"><img loading=\"lazy\" decoding=\"async\" src=\"https:\/\/www.darkover-con.de\/wp-content\/uploads\/2022\/12\/Darkover-Plot-04-2023_09-Kopie.jpg\" alt=\"\" class=\"wp-image-3240\" width=\"188\" height=\"250\" srcset=\"https:\/\/www.darkover-con.de\/wp-content\/uploads\/2022\/12\/Darkover-Plot-04-2023_09-Kopie.jpg 400w, https:\/\/www.darkover-con.de\/wp-content\/uploads\/2022\/12\/Darkover-Plot-04-2023_09-Kopie-225x300.jpg 225w\" sizes=\"auto, (max-width: 188px) 100vw, 188px\" \/><\/figure><\/div>\n\n\n<p>Magda und Doreen laden euch ein, sie im Fr\u00fchjahr zu besuchen. Die eine freudestrahlend und enthusiastisch, bereit, die Welt zu verbessern (oder zumindest die Welt ihrer Schwestern), die andere zynisch und vom typischen Werdegang einer darkovanischen S\u00f6ldnerin gezeichnet.<\/p>\n\n\n\n<p>Wenn ihr jetzt sagt, oh, ja, genau so ein Charakter Konzept w\u00fcrde ich bei dem Plot gerne spielen (egal welche der beiden Schwertschwestern), dann traut euch, schreibt der Plotplanung und \u00fcbernehmt sie als NSC.<\/p>\n\n\n\n<p>Bedenkt auch, dass es auf Darkover ein drittes Geschlecht gibt, die *<strong><em>emmasca<\/em><\/strong>*. Nicht jede Schwertschwester muss feminin gepr\u00e4gt sein, aber rasiert w\u00e4re schon nett.<\/p>\n\n\n\n<p>F\u00fcr diejenigen, die keinen \u201eSchwestern Charakter\u201c spielen m\u00f6chten, wird ein weiterer Text folgen, denn nat\u00fcrlich heizt es die Ger\u00fcchte K\u00fcche an, wenn \u201esolche\u201c ein Haus in der Nachbarschaft kaufen.<\/p>\n\n\n\n<p>Das kann doch nicht mit rechten Dingen zugehen und so; ihr wisst ja wie das ist.<\/p>\n\n\n\n<p>Und vielleicht findet ihr in dieser kurzen Sequenz ja schon die ein oder andere Inspiration.<\/p>\n\n\n\n<p>Wir freuen uns auf eure Charaktere, Fragen und Anregungen. <br>Und w\u00fcnschen euch sch\u00f6ne Feiertage sowie einen guten Rutsch ins neue Jahr.<\/p>\n\n\n\n<p>Eure Plotplanung<\/p>\n\n\n\n<p>Jaelle &amp; Caillean<\/p>\n\n\n\n<hr class=\"wp-block-separator has-alpha-channel-opacity is-style-dots\"\/>\n\n\n\n<h4 class=\"wp-block-heading\">OT - Ausschreibung ~ 16.12.2022<\/h4>\n\n\n\n<p>Werte Spielerschaft,<br>es folgen nun die ersten OT-Infos zum n\u00e4chsten Plot \u2013 IT-Einstimmungen werden folgen.<\/p>\n\n\n<div class=\"wp-block-image\">\n<figure class=\"alignleft size-full is-resized\"><img loading=\"lazy\" decoding=\"async\" src=\"https:\/\/www.darkover-con.de\/wp-content\/uploads\/2022\/12\/Darkover-Plot-04-2023_08-Kopie.jpg\" alt=\"\" class=\"wp-image-3245\" width=\"184\" height=\"245\" srcset=\"https:\/\/www.darkover-con.de\/wp-content\/uploads\/2022\/12\/Darkover-Plot-04-2023_08-Kopie.jpg 400w, https:\/\/www.darkover-con.de\/wp-content\/uploads\/2022\/12\/Darkover-Plot-04-2023_08-Kopie-225x300.jpg 225w\" sizes=\"auto, (max-width: 184px) 100vw, 184px\" \/><\/figure><\/div>\n\n\n<p>Wir befinden uns in einem neu bezogenen Gildenhaus der Schwesternschaft vom Schwert. Wir befinden uns nach wie vor im Zeitalter des Chaos in der gleichen Zeitlinie wie die vergangenen Plots. <\/p>\n\n\n\n<p>Die \u00dcberlieferungen aus dieser Zeit sind d\u00fcrftig, es wird von keiner organisierten Struktur berichtet, aber es wird mit Sicherheit \u201esichere H\u00e4user\u201c und St\u00fctzpunkte gegeben haben. <br>Von daher ist es durchaus m\u00f6glich, dass sich die Bewohnerinnen des Hauses erst \u201efinden\u201c und organisieren m\u00fcssen.<\/p>\n\n\n\n<p>\u00dcberlegt euch also, was f\u00fcr ein Charakter in dieses Konzept passt. Vorzugsweise w\u00e4re nat\u00fcrlich ein Schwertschwertern-Charakter w\u00fcnschenswert. <br>\u00dcberlegt euch hier, was eure Geschichte ist. <br>Lebt eurer Charakter schon fast sein ganzes Leben lang nach dem Kodex; seid ihr noch nicht so lange dabei und wollt vielleicht euren Schwur verl\u00e4ngern. Oder m\u00f6chtet ihr ganz frisch der Schwesternschaft beitreten.<\/p>\n\n\n\n<p>Solltet ihr euch mit dem Konzept der Schwertschwester nicht anfreunden k\u00f6nnen, sind wir selbstverst\u00e4ndlich f\u00fcr Alternativen offen. <br>Die Schwertschwestern sind zu diesem Zeitpunkt noch nicht mit den Priesterinnen der Avarra von der Insel des Schweigens fusioniert \u2013 aber es w\u00fcrden sich durchaus hier Spielans\u00e4tze bieten.<\/p>\n\n\n\n<p>Oder vielleicht seid ihr der Lord des Landes, auf dem das Haus steht und ihr m\u00f6chtet euch selbst ein Bild von diesen seltsamen Frauen in Hosen ohne \u201ejegliche Form von Anmut\u201c machen.<\/p>\n\n\n\n<p>Da es sch\u00f6n w\u00e4re, neben den klassischen Plot-Elementen auch vermehrt wieder Charakterspiel zu haben, macht euch bitte mit eurer Geschichte vertraut und \u00fcberlegt euch gut, wie euer Charakter \u201etickt\u201c. Vielleicht werdet ihr mit eurer Vergangenheit konfrontiert oder beim allgemeinen Kennenlernen einfach nur aufgefordert, etwas \u00fcber euch zu erz\u00e4hlen. Wer wei\u00df schon, was passieren wird. \ud83d\ude09<\/p>\n\n\n\n<p>Und denkt auch vor allem daran, dass wir zusammen ein sch\u00f6nes Spiel haben wollen. <br>Auch wenn eure Ideologie m\u00f6glicherweise extrem ist, achtet bitte darauf, dass euer Charakter weiterhin spielbar bleibt und sich niemand durch euer Spiel pers\u00f6nlich angegriffen f\u00fchlen muss. <br>Es ist eine polarisierende und schwierige Thematik und auch ein Experiment, ob sich so ein Setting umsetzen l\u00e4sst.<\/p>\n\n\n<div class=\"wp-block-image\">\n<figure class=\"aligncenter size-full is-resized\"><img loading=\"lazy\" decoding=\"async\" src=\"https:\/\/www.darkover-con.de\/wp-content\/uploads\/2022\/12\/Darkover-Plot-04-2023_02-Kopie.jpg\" alt=\"\" class=\"wp-image-3248\" width=\"335\" height=\"185\" srcset=\"https:\/\/www.darkover-con.de\/wp-content\/uploads\/2022\/12\/Darkover-Plot-04-2023_02-Kopie.jpg 600w, https:\/\/www.darkover-con.de\/wp-content\/uploads\/2022\/12\/Darkover-Plot-04-2023_02-Kopie-300x166.jpg 300w\" sizes=\"auto, (max-width: 335px) 100vw, 335px\" \/><\/figure><\/div>\n\n\n<p>Je farbenfroher und eher wir eure Charaktere bekommen, desto sch\u00f6ner k\u00f6nnen wir auch unseren Plot darauf \u201efinetunen\u201c \u2013 deshalb gibt es die OT-Infos dieses Mal auch vor den ersten IT-Infos.<\/p>\n\n\n\n<p>Wir freuen uns auf eure Charakterb\u00f6gen!<\/p>\n\n\n\n<p>Eure Plotplanung<\/p>\n","protected":false},"excerpt":{"rendered":"<p>IT - Ausschreibung ~ 18.12.2022 Das Jahresende n\u00e4herte sich mit gro\u00dfen Schritten, und mit dem neuen Jahr kam auch die Er\u00f6ffnung ihres ersten, offiziellen, Frauenhauses n\u00e4her.Magda schaute aus dem Fenster, betrachtete gedankenverloren den hohen Schnee, der den Hof des Hauses bedeckte, das sie und ihre Schwestern erworben hatten. Magda nannte es jetzt schon gerne \u201edas <a href=\"https:\/\/www.darkover-con.de\/?page_id=3287\" class=\"more-link\">...weiterlesen<span class=\"screen-reader-text\"> \"2023 &#8211; Fr\u00fchjahr\"<\/span><\/a><\/p>\n","protected":false},"author":4,"featured_media":0,"parent":1222,"menu_order":39,"comment_status":"closed","ping_status":"closed","template":"","meta":{"footnotes":""},"class_list":["post-3287","page","type-page","status-publish","h-entry","hentry","h-as-page"],"_links":{"self":[{"href":"https:\/\/www.darkover-con.de\/index.php?rest_route=\/wp\/v2\/pages\/3287","targetHints":{"allow":["GET"]}}],"collection":[{"href":"https:\/\/www.darkover-con.de\/index.php?rest_route=\/wp\/v2\/pages"}],"about":[{"href":"https:\/\/www.darkover-con.de\/index.php?rest_route=\/wp\/v2\/types\/page"}],"author":[{"embeddable":true,"href":"https:\/\/www.darkover-con.de\/index.php?rest_route=\/wp\/v2\/users\/4"}],"replies":[{"embeddable":true,"href":"https:\/\/www.darkover-con.de\/index.php?rest_route=%2Fwp%2Fv2%2Fcomments&post=3287"}],"version-history":[{"count":1,"href":"https:\/\/www.darkover-con.de\/index.php?rest_route=\/wp\/v2\/pages\/3287\/revisions"}],"predecessor-version":[{"id":3288,"href":"https:\/\/www.darkover-con.de\/index.php?rest_route=\/wp\/v2\/pages\/3287\/revisions\/3288"}],"up":[{"embeddable":true,"href":"https:\/\/www.darkover-con.de\/index.php?rest_route=\/wp\/v2\/pages\/1222"}],"wp:attachment":[{"href":"https:\/\/www.darkover-con.de\/index.php?rest_route=%2Fwp%2Fv2%2Fmedia&parent=3287"}],"curies":[{"name":"wp","href":"https:\/\/api.w.org\/{rel}","templated":true}]}}

2023 &#8211; Frühjahr

<h4 class="wp-block-heading">IT - Ausschreibung ~ 18.12.2022</h4>



<p>Das Jahresende näherte sich mit großen Schritten, und mit dem neuen Jahr kam auch die Eröffnung ihres ersten, offiziellen, Frauenhauses näher.<br>Magda schaute aus dem Fenster, betrachtete gedankenverloren den hohen Schnee, der den Hof des Hauses bedeckte, das sie und ihre Schwestern erworben hatten. Magda nannte es jetzt schon gerne „das Gildenhaus“.</p>


<div class="wp-block-image">
<figure class="alignright size-full is-resized"><img loading="lazy" decoding="async" src="https://www.darkover-con.de/wp-content/uploads/2022/12/Darkover-Plot-04-2023_01-Kopie.jpg" alt="" class="wp-image-3242" width="184" height="245" srcset="https://www.darkover-con.de/wp-content/uploads/2022/12/Darkover-Plot-04-2023_01-Kopie.jpg 400w, https://www.darkover-con.de/wp-content/uploads/2022/12/Darkover-Plot-04-2023_01-Kopie-225x300.jpg 225w" sizes="auto, (max-width: 184px) 100vw, 184px" /></figure></div>


<p>Nur Doreen’s Worte klangen immer noch in Magda’s Ohren nach.</p>



<p>„Wir Schwestern haben die Ketten unserer Erziehung abgeworfen, und du willst uns die einer Gilde anlegen?“</p>



<p>Doreen sagte auch, dass es ja wohl etwas großspurig wäre, von einem Gildenhaus zu reden; die Schwertschwestern seien nicht organisiert, und sollten es auch nicht sein.<br>Sie arbeiteten genau so gut zusammen, wie das bei leiblichen Schwestern der Fall war.</p>



<p>Mal gut, Mal gar nicht.</p>



<p>Aber es sei immer eine freie Entscheidung. Und genau in dieser Freiheit liege ihre Stärke.</p>



<p>„Aber auch ihre Schwäche“ hatte Magda in Gedanken hinzugefügt.</p>



<p>Doreen hatte gesagt, alles, was uns eint, sei eine tragische Geschichte mit der Geburtsfamilie.<br>Und mehr bräuchte es auch nicht.<br>Magda lächelte.</p>



<p>Es war Zeit, das zu ändern. Zeit, eine Familie zu werden, die zueinander steht, aufeinander acht gibt und sich unterstützt.<br>Und wenn es in dieser, unserer Welt, dazu eine Gilde braucht, um&nbsp;sich gegen alten Strukturen zu behaupten, dann würden sie eben eine gründen.</p>



<p>„Das Frühjahr ist eine gute Zeit dafür, aber es war noch soviel zu tun bis dahin.“ Dachte Magda bei sich, und ging, um eine Nachricht für die Schwestern vorzubereiten.</p>



<hr class="wp-block-separator has-alpha-channel-opacity is-style-dots"/>



<p>Ja, ihr Lieben, das wäre dann die IT Einstimmung für unseren Plot.</p>


<div class="wp-block-image">
<figure class="alignleft size-full is-resized"><img loading="lazy" decoding="async" src="https://www.darkover-con.de/wp-content/uploads/2022/12/Darkover-Plot-04-2023_09-Kopie.jpg" alt="" class="wp-image-3240" width="188" height="250" srcset="https://www.darkover-con.de/wp-content/uploads/2022/12/Darkover-Plot-04-2023_09-Kopie.jpg 400w, https://www.darkover-con.de/wp-content/uploads/2022/12/Darkover-Plot-04-2023_09-Kopie-225x300.jpg 225w" sizes="auto, (max-width: 188px) 100vw, 188px" /></figure></div>


<p>Magda und Doreen laden euch ein, sie im Frühjahr zu besuchen. Die eine freudestrahlend und enthusiastisch, bereit, die Welt zu verbessern (oder zumindest die Welt ihrer Schwestern), die andere zynisch und vom typischen Werdegang einer darkovanischen Söldnerin gezeichnet.</p>



<p>Wenn ihr jetzt sagt, oh, ja, genau so ein Charakter Konzept würde ich bei dem Plot gerne spielen (egal welche der beiden Schwertschwestern), dann traut euch, schreibt der Plotplanung und übernehmt sie als NSC.</p>



<p>Bedenkt auch, dass es auf Darkover ein drittes Geschlecht gibt, die *<strong><em>emmasca</em></strong>*. Nicht jede Schwertschwester muss feminin geprägt sein, aber rasiert wäre schon nett.</p>



<p>Für diejenigen, die keinen „Schwestern Charakter“ spielen möchten, wird ein weiterer Text folgen, denn natürlich heizt es die Gerüchte Küche an, wenn „solche“ ein Haus in der Nachbarschaft kaufen.</p>



<p>Das kann doch nicht mit rechten Dingen zugehen und so; ihr wisst ja wie das ist.</p>



<p>Und vielleicht findet ihr in dieser kurzen Sequenz ja schon die ein oder andere Inspiration.</p>



<p>Wir freuen uns auf eure Charaktere, Fragen und Anregungen. <br>Und wünschen euch schöne Feiertage sowie einen guten Rutsch ins neue Jahr.</p>



<p>Eure Plotplanung</p>



<p>Jaelle &amp; Caillean</p>



<hr class="wp-block-separator has-alpha-channel-opacity is-style-dots"/>



<h4 class="wp-block-heading">OT - Ausschreibung ~ 16.12.2022</h4>



<p>Werte Spielerschaft,<br>es folgen nun die ersten OT-Infos zum nächsten Plot – IT-Einstimmungen werden folgen.</p>


<div class="wp-block-image">
<figure class="alignleft size-full is-resized"><img loading="lazy" decoding="async" src="https://www.darkover-con.de/wp-content/uploads/2022/12/Darkover-Plot-04-2023_08-Kopie.jpg" alt="" class="wp-image-3245" width="184" height="245" srcset="https://www.darkover-con.de/wp-content/uploads/2022/12/Darkover-Plot-04-2023_08-Kopie.jpg 400w, https://www.darkover-con.de/wp-content/uploads/2022/12/Darkover-Plot-04-2023_08-Kopie-225x300.jpg 225w" sizes="auto, (max-width: 184px) 100vw, 184px" /></figure></div>


<p>Wir befinden uns in einem neu bezogenen Gildenhaus der Schwesternschaft vom Schwert. Wir befinden uns nach wie vor im Zeitalter des Chaos in der gleichen Zeitlinie wie die vergangenen Plots. </p>



<p>Die Überlieferungen aus dieser Zeit sind dürftig, es wird von keiner organisierten Struktur berichtet, aber es wird mit Sicherheit „sichere Häuser“ und Stützpunkte gegeben haben. <br>Von daher ist es durchaus möglich, dass sich die Bewohnerinnen des Hauses erst „finden“ und organisieren müssen.</p>



<p>Überlegt euch also, was für ein Charakter in dieses Konzept passt. Vorzugsweise wäre natürlich ein Schwertschwertern-Charakter wünschenswert. <br>Überlegt euch hier, was eure Geschichte ist. <br>Lebt eurer Charakter schon fast sein ganzes Leben lang nach dem Kodex; seid ihr noch nicht so lange dabei und wollt vielleicht euren Schwur verlängern. Oder möchtet ihr ganz frisch der Schwesternschaft beitreten.</p>



<p>Solltet ihr euch mit dem Konzept der Schwertschwester nicht anfreunden können, sind wir selbstverständlich für Alternativen offen. <br>Die Schwertschwestern sind zu diesem Zeitpunkt noch nicht mit den Priesterinnen der Avarra von der Insel des Schweigens fusioniert – aber es würden sich durchaus hier Spielansätze bieten.</p>



<p>Oder vielleicht seid ihr der Lord des Landes, auf dem das Haus steht und ihr möchtet euch selbst ein Bild von diesen seltsamen Frauen in Hosen ohne „jegliche Form von Anmut“ machen.</p>



<p>Da es schön wäre, neben den klassischen Plot-Elementen auch vermehrt wieder Charakterspiel zu haben, macht euch bitte mit eurer Geschichte vertraut und überlegt euch gut, wie euer Charakter „tickt“. Vielleicht werdet ihr mit eurer Vergangenheit konfrontiert oder beim allgemeinen Kennenlernen einfach nur aufgefordert, etwas über euch zu erzählen. Wer weiß schon, was passieren wird. 😉</p>



<p>Und denkt auch vor allem daran, dass wir zusammen ein schönes Spiel haben wollen. <br>Auch wenn eure Ideologie möglicherweise extrem ist, achtet bitte darauf, dass euer Charakter weiterhin spielbar bleibt und sich niemand durch euer Spiel persönlich angegriffen fühlen muss. <br>Es ist eine polarisierende und schwierige Thematik und auch ein Experiment, ob sich so ein Setting umsetzen lässt.</p>


<div class="wp-block-image">
<figure class="aligncenter size-full is-resized"><img loading="lazy" decoding="async" src="https://www.darkover-con.de/wp-content/uploads/2022/12/Darkover-Plot-04-2023_02-Kopie.jpg" alt="" class="wp-image-3248" width="335" height="185" srcset="https://www.darkover-con.de/wp-content/uploads/2022/12/Darkover-Plot-04-2023_02-Kopie.jpg 600w, https://www.darkover-con.de/wp-content/uploads/2022/12/Darkover-Plot-04-2023_02-Kopie-300x166.jpg 300w" sizes="auto, (max-width: 335px) 100vw, 335px" /></figure></div>


<p>Je farbenfroher und eher wir eure Charaktere bekommen, desto schöner können wir auch unseren Plot darauf „finetunen“ – deshalb gibt es die OT-Infos dieses Mal auch vor den ersten IT-Infos.</p>



<p>Wir freuen uns auf eure Charakterbögen!</p>



<p>Eure Plotplanung</p>

<p>IT - Ausschreibung ~ 18.12.2022 Das Jahresende näherte sich mit großen Schritten, und mit dem neuen Jahr kam auch die Eröffnung ihres ersten, offiziellen, Frauenhauses näher.Magda schaute aus dem Fenster, betrachtete gedankenverloren den hohen Schnee, der den Hof des Hauses bedeckte, das sie und ihre Schwestern erworben hatten. Magda nannte es jetzt schon gerne „das <a href="https://www.darkover-con.de/?page_id=3287" class="more-link">...weiterlesen<span class="screen-reader-text"> "2023 &#8211; Frühjahr"</span></a></p>
