{"id":3470,"date":"2024-12-08T17:49:41","date_gmt":"2024-12-08T16:49:41","guid":{"rendered":"https:\/\/www.darkover-con.de\/?page_id=3470"},"modified":"2024-12-08T17:49:41","modified_gmt":"2024-12-08T16:49:41","slug":"2024-herbst","status":"publish","type":"page","link":"https:\/\/www.darkover-con.de\/?page_id=3470","title":{"rendered":"2024 &#8211; Herbst"},"content":{"rendered":"<div class=\"wp-block-image\">\n<figure class=\"aligncenter size-full\"><img loading=\"lazy\" decoding=\"async\" width=\"600\" height=\"217\" src=\"https:\/\/www.darkover-con.de\/wp-content\/uploads\/2024\/08\/20231104_161038-Bearbeitet.jpg\" alt=\"\" class=\"wp-image-3416\" srcset=\"https:\/\/www.darkover-con.de\/wp-content\/uploads\/2024\/08\/20231104_161038-Bearbeitet.jpg 600w, https:\/\/www.darkover-con.de\/wp-content\/uploads\/2024\/08\/20231104_161038-Bearbeitet-300x109.jpg 300w\" sizes=\"auto, (max-width: 600px) 100vw, 600px\" \/><\/figure><\/div>\n\n\n<p>IT - Infos - Plot<\/p>\n\n\n\n<p><\/p>\n\n\n\n<p>Liebe Darkovaner,<br>um das einj\u00e4hrige Bestehen unseres Gasthauses \u201eZum gl\u00fccklichen Schaf\u201c zu feiern, m\u00f6chten wir einen kleinen Wettstreit veranstalten. Einen Wettstreit der Talente, der Fertigkeiten, des Geschicks. Ein jeder sei dazu eingeladen, daran teilzunehmen oder selbst eine Herausforderung auszusprechen. Welche der Wettbewerbe es sein werden, erschlie\u00dft sich euch am Tage des Wettkampfes. Vielleicht ein darkovanischer F\u00fcnfkampf aus Gesang, Tanz, Schwertkampf, Poesie und Feuerl\u00f6schen? Vielleicht Bogenschie\u00dfen oder Kirschkernweitspucken? Wir werden sehen.<\/p>\n\n\n<div class=\"wp-block-image\">\n<figure class=\"alignright size-medium\"><img loading=\"lazy\" decoding=\"async\" width=\"200\" height=\"300\" src=\"https:\/\/www.darkover-con.de\/wp-content\/uploads\/2020\/03\/19-07-19WZ-4-200x300.jpg\" alt=\"W\u00fclmersen - Haus 1\" class=\"wp-image-2855\" srcset=\"https:\/\/www.darkover-con.de\/wp-content\/uploads\/2020\/03\/19-07-19WZ-4-200x300.jpg 200w, https:\/\/www.darkover-con.de\/wp-content\/uploads\/2020\/03\/19-07-19WZ-4-683x1024.jpg 683w, https:\/\/www.darkover-con.de\/wp-content\/uploads\/2020\/03\/19-07-19WZ-4-768x1152.jpg 768w, https:\/\/www.darkover-con.de\/wp-content\/uploads\/2020\/03\/19-07-19WZ-4-1024x1536.jpg 1024w, https:\/\/www.darkover-con.de\/wp-content\/uploads\/2020\/03\/19-07-19WZ-4-1365x2048.jpg 1365w, https:\/\/www.darkover-con.de\/wp-content\/uploads\/2020\/03\/19-07-19WZ-4-960x1440.jpg 960w, https:\/\/www.darkover-con.de\/wp-content\/uploads\/2020\/03\/19-07-19WZ-4-scaled.jpg 1707w\" sizes=\"auto, (max-width: 200px) 100vw, 200px\" \/><\/figure><\/div>\n\n\n<p>Es sei euch gesagt, dass jenen, die an diesem Wettbewerb aktiv teilnehmen, freie Kost und Getr\u00e4nke (und je nach Anreise auch Logis) f\u00fcr die Zeit des Wettkampfes zustehen und wir den Sieger der Wettbewerbe bekr\u00e4nzen werden.<\/p>\n\n\n\n<p>Doch nicht nur der Sieg soll euer Streben sein, sondern die Teilnahme in Freude, Freundschaft und Friedfertigkeit. So wie auch das Wichtigste im Leben nicht der Sieg, sondern das Streben nach einem Ziel ist.<\/p>\n\n\n\n<p>Anmeldungen zum Wettbewerb sollten sp\u00e4testens einen guten Zehntag vor Samhain get\u00e4tigt sein.<\/p>\n\n\n\n<p>Ihr findet unser Gasthaus in dem kleinen Ort an der Wegkreuzung der Stra\u00dfen nach Aillard, Carcosa, Thendara und Temora.<\/p>\n\n\n\n<p>Eure Tavernen \u2013 Crew \u201eZum gl\u00fccklichen Schaf\u201c<\/p>\n\n\n\n<hr class=\"wp-block-separator has-alpha-channel-opacity\"\/>\n\n\n\n<p>OT- Infos<\/p>\n\n\n<div class=\"wp-block-image\">\n<figure class=\"alignleft size-medium\"><img loading=\"lazy\" decoding=\"async\" width=\"225\" height=\"300\" src=\"https:\/\/www.darkover-con.de\/wp-content\/uploads\/2024\/08\/20240810_092611-Bearbeitet-225x300.jpg\" alt=\"\" class=\"wp-image-3418\" srcset=\"https:\/\/www.darkover-con.de\/wp-content\/uploads\/2024\/08\/20240810_092611-Bearbeitet-225x300.jpg 225w, https:\/\/www.darkover-con.de\/wp-content\/uploads\/2024\/08\/20240810_092611-Bearbeitet.jpg 600w\" sizes=\"auto, (max-width: 225px) 100vw, 225px\" \/><\/figure><\/div>\n\n\n<p>Conplanung und Vorstand haben sich in diesem Jahr zusammengeschlossen und aus einer Idee von Liriel einen kleinen Tavernenplot entworfen. Es wird kleinere Wettbewerbe geben, die so gestaltet werden, dass jeder Charakter potenziell daran teilnehmen kann.<\/p>\n\n\n\n<p>\u00dcberlegt euch also, wie euer Charakter auf Wettbewerbe reagiert, ob der Charakter daran teilnimmt oder lieber f\u00fcr Kost und Logis zahlt. Selbstverst\u00e4ndlich ist eine m\u00f6glichst hohe Anzahl an aktiven Teilnehmern w\u00fcnschenswert und erh\u00f6ht den Spielspa\u00df. Gerne d\u00fcrft ihr auch selbst Herausforderungen einreichen - entweder bereits vorher oder IT mitbringen. <\/p>\n\n\n\n<p>Dass es sich bei der Taverne \"zum gl\u00fccklichen Schaf\" nicht um eine normale Taverne handelt sollte inzwischen bekannt sein, also seid grunds\u00e4tzlich auf alles gefasst. <\/p>\n\n\n\n<p>Eine Einsendung eures Charakters sollte so schnell wie m\u00f6glich erfolgen, damit wir wissen, mit welchen Teilnehmern \/ G\u00e4sten \/ Besuchern wir rechnen d\u00fcrfen. Sp\u00e4testens jedoch bis zum 20.10.2024.<\/p>\n\n\n\n<p>Eure Plotplanung aka Conplanung und Vorstand (Liriel, Lia, Rohana, Jaelle, Beara)<\/p>\n","protected":false},"excerpt":{"rendered":"<p>IT - Infos - Plot Liebe Darkovaner,um das einj\u00e4hrige Bestehen unseres Gasthauses \u201eZum gl\u00fccklichen Schaf\u201c zu feiern, m\u00f6chten wir einen kleinen Wettstreit veranstalten. Einen Wettstreit der Talente, der Fertigkeiten, des Geschicks. Ein jeder sei dazu eingeladen, daran teilzunehmen oder selbst eine Herausforderung auszusprechen. Welche der Wettbewerbe es sein werden, erschlie\u00dft sich euch am Tage des <a href=\"https:\/\/www.darkover-con.de\/?page_id=3470\" class=\"more-link\">...weiterlesen<span class=\"screen-reader-text\"> \"2024 &#8211; Herbst\"<\/span><\/a><\/p>\n","protected":false},"author":4,"featured_media":0,"parent":1222,"menu_order":0,"comment_status":"closed","ping_status":"closed","template":"","meta":{"footnotes":""},"class_list":["post-3470","page","type-page","status-publish","h-entry","hentry","h-as-page"],"_links":{"self":[{"href":"https:\/\/www.darkover-con.de\/index.php?rest_route=\/wp\/v2\/pages\/3470","targetHints":{"allow":["GET"]}}],"collection":[{"href":"https:\/\/www.darkover-con.de\/index.php?rest_route=\/wp\/v2\/pages"}],"about":[{"href":"https:\/\/www.darkover-con.de\/index.php?rest_route=\/wp\/v2\/types\/page"}],"author":[{"embeddable":true,"href":"https:\/\/www.darkover-con.de\/index.php?rest_route=\/wp\/v2\/users\/4"}],"replies":[{"embeddable":true,"href":"https:\/\/www.darkover-con.de\/index.php?rest_route=%2Fwp%2Fv2%2Fcomments&post=3470"}],"version-history":[{"count":1,"href":"https:\/\/www.darkover-con.de\/index.php?rest_route=\/wp\/v2\/pages\/3470\/revisions"}],"predecessor-version":[{"id":3471,"href":"https:\/\/www.darkover-con.de\/index.php?rest_route=\/wp\/v2\/pages\/3470\/revisions\/3471"}],"up":[{"embeddable":true,"href":"https:\/\/www.darkover-con.de\/index.php?rest_route=\/wp\/v2\/pages\/1222"}],"wp:attachment":[{"href":"https:\/\/www.darkover-con.de\/index.php?rest_route=%2Fwp%2Fv2%2Fmedia&parent=3470"}],"curies":[{"name":"wp","href":"https:\/\/api.w.org\/{rel}","templated":true}]}}